CRAN Package Check Results for Package traitr

Last updated on 2019-05-25 22:51:24 CEST.

Flavor Version Tinstall Tcheck Ttotal Status Flags
r-devel-linux-x86_64-debian-clang 0.14 5.50 44.04 49.54 NOTE
r-devel-linux-x86_64-debian-gcc 0.14 4.85 36.77 41.62 NOTE
r-devel-linux-x86_64-fedora-clang 0.14 65.15 NOTE
r-devel-linux-x86_64-fedora-gcc 0.14 62.60 NOTE
r-devel-windows-ix86+x86_64 0.14 10.00 80.00 90.00 NOTE
r-patched-linux-x86_64 0.14 NOTE
r-patched-solaris-x86 0.14 86.90 NOTE
r-release-linux-x86_64 0.14 5.29 44.56 49.85 NOTE
r-release-windows-ix86+x86_64 0.14 14.00 60.00 74.00 NOTE
r-release-osx-x86_64 0.14 NOTE
r-oldrel-windows-ix86+x86_64 0.14 16.00 74.00 90.00 NOTE
r-oldrel-osx-x86_64 0.14 NOTE

Check Details

Version: 0.14
Check: DESCRIPTION meta-information
Result: NOTE
    Malformed Title field: should not end in a period.
Flavors: r-devel-linux-x86_64-debian-clang, r-devel-linux-x86_64-debian-gcc, r-devel-linux-x86_64-fedora-clang, r-devel-linux-x86_64-fedora-gcc, r-devel-windows-ix86+x86_64, r-patched-linux-x86_64, r-patched-solaris-x86, r-release-linux-x86_64, r-release-windows-ix86+x86_64, r-release-osx-x86_64, r-oldrel-windows-ix86+x86_64, r-oldrel-osx-x86_64