CRAN Package Check Results for Package traitr

Last updated on 2020-03-31 14:48:26 CEST.

Flavor Version Tinstall Tcheck Ttotal Status Flags
r-devel-linux-x86_64-debian-clang 0.14 5.64 48.16 53.80 NOTE
r-devel-linux-x86_64-debian-gcc 0.14 5.32 38.34 43.66 NOTE
r-devel-linux-x86_64-fedora-clang 0.14 70.25 NOTE
r-devel-linux-x86_64-fedora-gcc 0.14 66.54 NOTE
r-devel-windows-ix86+x86_64 0.14 12.00 62.00 74.00 NOTE
r-devel-windows-ix86+x86_64-gcc8 0.14 11.00 63.00 74.00 NOTE
r-patched-linux-x86_64 0.14 5.33 46.92 52.25 NOTE
r-patched-solaris-x86 0.14 95.50 NOTE
r-release-linux-x86_64 0.14 5.37 43.34 48.71 NOTE
r-release-windows-ix86+x86_64 0.14 17.00 82.00 99.00 NOTE
r-release-osx-x86_64 0.14 NOTE
r-oldrel-windows-ix86+x86_64 0.14 12.00 79.00 91.00 NOTE
r-oldrel-osx-x86_64 0.14 NOTE

Check Details

Version: 0.14
Check: DESCRIPTION meta-information
Result: NOTE
    Malformed Title field: should not end in a period.
Flavors: r-devel-linux-x86_64-debian-clang, r-devel-linux-x86_64-debian-gcc, r-devel-linux-x86_64-fedora-clang, r-devel-linux-x86_64-fedora-gcc, r-devel-windows-ix86+x86_64, r-devel-windows-ix86+x86_64-gcc8, r-patched-linux-x86_64, r-patched-solaris-x86, r-release-linux-x86_64, r-release-windows-ix86+x86_64, r-release-osx-x86_64, r-oldrel-windows-ix86+x86_64, r-oldrel-osx-x86_64