CRAN Package Check Results for Package trajectories

Last updated on 2022-10-05 10:51:55 CEST.

Flavor Version Tinstall Tcheck Ttotal Status Flags
r-devel-linux-x86_64-debian-clang 0.2-4 12.31 182.27 194.58 NOTE
r-devel-linux-x86_64-debian-gcc 0.2-4 11.46 133.63 145.09 NOTE
r-devel-linux-x86_64-fedora-clang 0.2-4 242.31 NOTE
r-devel-linux-x86_64-fedora-gcc 0.2-4 238.84 NOTE
r-devel-windows-x86_64 0.2-4 82.00 252.00 334.00 NOTE
r-patched-linux-x86_64 0.2-4 16.78 169.42 186.20 NOTE
r-release-linux-x86_64 0.2-4 11.76 169.75 181.51 NOTE
r-release-macos-arm64 0.2-4 74.00 NOTE
r-release-macos-x86_64 0.2-4 89.00 NOTE
r-release-windows-x86_64 0.2-4 100.00 252.00 352.00 NOTE
r-oldrel-macos-arm64 0.2-4 72.00 NOTE
r-oldrel-macos-x86_64 0.2-4 93.00 NOTE
r-oldrel-windows-ix86+x86_64 0.2-4 25.00 213.00 238.00 NOTE

Check Details

Version: 0.2-4
Check: package dependencies
Result: NOTE
    Package suggested but not available for checking: 'taxidata'
Flavors: r-devel-linux-x86_64-debian-clang, r-devel-linux-x86_64-debian-gcc, r-devel-linux-x86_64-fedora-clang, r-devel-linux-x86_64-fedora-gcc, r-devel-windows-x86_64, r-patched-linux-x86_64, r-release-linux-x86_64, r-release-macos-arm64, r-release-macos-x86_64, r-release-windows-x86_64, r-oldrel-macos-arm64, r-oldrel-macos-x86_64, r-oldrel-windows-ix86+x86_64