CRAN Package Check Results for Package trajectories

Last updated on 2019-01-22 03:47:59 CET.

Flavor Version Tinstall Tcheck Ttotal Status Flags
r-devel-linux-x86_64-debian-clang 0.2-1 9.68 130.40 140.08 NOTE
r-devel-linux-x86_64-debian-gcc 0.2-1 8.88 100.31 109.19 NOTE
r-devel-linux-x86_64-fedora-clang 0.2-1 164.91 NOTE
r-devel-linux-x86_64-fedora-gcc 0.2-1 155.98 NOTE
r-devel-windows-ix86+x86_64 0.2-1 19.00 153.00 172.00 NOTE
r-patched-linux-x86_64 0.2-1 7.02 124.48 131.50 NOTE
r-patched-solaris-x86 0.2-1 240.20 NOTE
r-release-linux-x86_64 0.2-1 8.56 123.03 131.59 NOTE
r-release-windows-ix86+x86_64 0.2-1 19.00 207.00 226.00 NOTE
r-release-osx-x86_64 0.2-1 NOTE
r-oldrel-windows-ix86+x86_64 0.2-1 11.00 147.00 158.00 NOTE
r-oldrel-osx-x86_64 0.2-1 NOTE

Check Details

Version: 0.2-1
Check: package dependencies
Result: NOTE
    Package suggested but not available for checking: ‘taxidata’
Flavors: r-devel-linux-x86_64-debian-clang, r-devel-linux-x86_64-debian-gcc, r-devel-linux-x86_64-fedora-clang, r-devel-linux-x86_64-fedora-gcc, r-devel-windows-ix86+x86_64, r-patched-linux-x86_64, r-patched-solaris-x86, r-release-linux-x86_64, r-release-windows-ix86+x86_64, r-release-osx-x86_64, r-oldrel-windows-ix86+x86_64, r-oldrel-osx-x86_64