CRAN Package Check Results for Package trajectories

Last updated on 2019-05-23 02:47:06 CEST.

Flavor Version Tinstall Tcheck Ttotal Status Flags
r-devel-linux-x86_64-debian-clang 0.2-1 11.63 131.06 142.69 NOTE
r-devel-linux-x86_64-debian-gcc 0.2-1 9.17 103.19 112.36 NOTE
r-devel-linux-x86_64-fedora-clang 0.2-1 172.32 NOTE
r-devel-linux-x86_64-fedora-gcc 0.2-1 155.57 NOTE
r-devel-windows-ix86+x86_64 0.2-1 17.00 193.00 210.00 NOTE
r-patched-linux-x86_64 0.2-1 11.27 131.64 142.91 NOTE
r-patched-solaris-x86 0.2-1 234.90 NOTE
r-release-linux-x86_64 0.2-1 10.52 129.79 140.31 NOTE
r-release-windows-ix86+x86_64 0.2-1 23.00 197.00 220.00 NOTE
r-release-osx-x86_64 0.2-1 NOTE
r-oldrel-windows-ix86+x86_64 0.2-1 14.00 135.00 149.00 NOTE
r-oldrel-osx-x86_64 0.2-1 NOTE

Check Details

Version: 0.2-1
Check: package dependencies
Result: NOTE
    Package suggested but not available for checking: 'taxidata'
Flavors: r-devel-linux-x86_64-debian-clang, r-devel-linux-x86_64-debian-gcc, r-devel-linux-x86_64-fedora-clang, r-devel-linux-x86_64-fedora-gcc, r-devel-windows-ix86+x86_64, r-patched-linux-x86_64, r-patched-solaris-x86, r-release-linux-x86_64, r-release-windows-ix86+x86_64, r-release-osx-x86_64, r-oldrel-windows-ix86+x86_64, r-oldrel-osx-x86_64