CRAN Package Check Results for Package trajectories

Last updated on 2019-03-23 11:51:34 CET.

Flavor Version Tinstall Tcheck Ttotal Status Flags
r-devel-linux-x86_64-debian-clang 0.2-1 11.56 125.22 136.78 NOTE
r-devel-linux-x86_64-debian-gcc 0.2-1 9.72 97.98 107.70 NOTE
r-devel-linux-x86_64-fedora-clang 0.2-1 172.92 NOTE
r-devel-linux-x86_64-fedora-gcc 0.2-1 160.83 NOTE
r-devel-windows-ix86+x86_64 0.2-1 26.00 187.00 213.00 NOTE
r-patched-linux-x86_64 0.2-1 9.04 124.57 133.61 NOTE
r-patched-solaris-x86 0.2-1 233.30 NOTE
r-release-linux-x86_64 0.2-1 0.58 2.53 3.11 ERROR
r-release-windows-ix86+x86_64 0.2-1 14.00 154.00 168.00 NOTE
r-release-osx-x86_64 0.2-1 NOTE
r-oldrel-windows-ix86+x86_64 0.2-1 12.00 200.00 212.00 NOTE
r-oldrel-osx-x86_64 0.2-1 NOTE

Check Details

Version: 0.2-1
Check: package dependencies
Result: NOTE
    Package suggested but not available for checking: 'taxidata'
Flavors: r-devel-linux-x86_64-debian-clang, r-devel-linux-x86_64-debian-gcc, r-devel-linux-x86_64-fedora-clang, r-devel-linux-x86_64-fedora-gcc, r-devel-windows-ix86+x86_64, r-patched-linux-x86_64, r-patched-solaris-x86, r-release-linux-x86_64, r-release-windows-ix86+x86_64, r-release-osx-x86_64, r-oldrel-windows-ix86+x86_64, r-oldrel-osx-x86_64

Version: 0.2-1
Check: whether package can be installed
Result: ERROR
    Installation failed.
Flavor: r-release-linux-x86_64