CRAN Package Check Results for Package trajectories

Last updated on 2019-08-20 05:47:19 CEST.

Flavor Version Tinstall Tcheck Ttotal Status Flags
r-devel-linux-x86_64-debian-clang 0.2-1 11.16 130.61 141.77 NOTE
r-devel-linux-x86_64-debian-gcc 0.2-1 9.64 103.22 112.86 NOTE
r-devel-linux-x86_64-fedora-clang 0.2-1 160.92 NOTE
r-devel-linux-x86_64-fedora-gcc 0.2-1 163.55 NOTE
r-devel-windows-ix86+x86_64 0.2-1 28.00 184.00 212.00 NOTE
r-patched-linux-x86_64 0.2-1 10.79 129.52 140.31 NOTE
r-patched-solaris-x86 0.2-1 242.50 NOTE
r-release-linux-x86_64 0.2-1 10.77 129.60 140.37 NOTE
r-release-windows-ix86+x86_64 0.2-1 17.00 142.00 159.00 NOTE
r-release-osx-x86_64 0.2-1 NOTE
r-oldrel-windows-ix86+x86_64 0.2-1 20.00 190.00 210.00 NOTE
r-oldrel-osx-x86_64 0.2-1 NOTE

Check Details

Version: 0.2-1
Check: package dependencies
Result: NOTE
    Package suggested but not available for checking: 'taxidata'
Flavors: r-devel-linux-x86_64-debian-clang, r-devel-linux-x86_64-debian-gcc, r-devel-linux-x86_64-fedora-clang, r-devel-linux-x86_64-fedora-gcc, r-devel-windows-ix86+x86_64, r-patched-linux-x86_64, r-patched-solaris-x86, r-release-linux-x86_64, r-release-windows-ix86+x86_64, r-release-osx-x86_64, r-oldrel-windows-ix86+x86_64, r-oldrel-osx-x86_64