Last updated on 2023-03-23 11:59:56 CET.
Flavor | Version | Tinstall | Tcheck | Ttotal | Status | Flags |
---|---|---|---|---|---|---|
r-devel-linux-x86_64-debian-clang | 1.4.0 | 3.02 | 273.48 | 276.50 | NOTE | |
r-devel-linux-x86_64-debian-gcc | 1.4.0 | 3.35 | 191.53 | 194.88 | NOTE | |
r-devel-linux-x86_64-fedora-clang | 1.4.0 | 334.62 | NOTE | |||
r-devel-linux-x86_64-fedora-gcc | 1.4.0 | 345.78 | NOTE | |||
r-patched-linux-x86_64 | 1.4.0 | 4.29 | 264.42 | 268.71 | NOTE | |
r-release-linux-x86_64 | 1.4.0 | 2.56 | 266.21 | 268.77 | NOTE | |
r-release-macos-arm64 | 1.4.0 | 73.00 | NOTE | |||
r-release-macos-x86_64 | 1.4.0 | 108.00 | NOTE | |||
r-release-windows-x86_64 | 1.4.0 | 45.00 | 373.00 | 418.00 | NOTE | |
r-oldrel-macos-arm64 | 1.4.0 | 80.00 | NOTE | |||
r-oldrel-macos-x86_64 | 1.4.0 | 160.00 | NOTE | |||
r-oldrel-windows-ix86+x86_64 | 1.4.0 | 8.00 | 334.00 | 342.00 | NOTE |
Version: 1.4.0
Check: LazyData
Result: NOTE
'LazyData' is specified without a 'data' directory
Flavors: r-devel-linux-x86_64-debian-clang, r-devel-linux-x86_64-debian-gcc, r-devel-linux-x86_64-fedora-clang, r-devel-linux-x86_64-fedora-gcc, r-patched-linux-x86_64, r-release-linux-x86_64, r-release-macos-arm64, r-release-macos-x86_64, r-release-windows-x86_64, r-oldrel-macos-arm64, r-oldrel-macos-x86_64, r-oldrel-windows-ix86+x86_64