Last updated on 2023-10-02 02:00:38 CEST.
Flavor | Version | Tinstall | Tcheck | Ttotal | Status | Flags |
---|---|---|---|---|---|---|
r-devel-linux-x86_64-debian-clang | 0.0-4 | 9.78 | 422.06 | 431.84 | OK | |
r-devel-linux-x86_64-debian-gcc | 0.0-4 | 7.65 | 314.74 | 322.39 | OK | |
r-devel-linux-x86_64-fedora-clang | 0.0-4 | 501.24 | OK | |||
r-devel-linux-x86_64-fedora-gcc | 0.0-4 | 522.48 | OK | |||
r-devel-windows-x86_64 | 0.0-4 | 10.00 | 333.00 | 343.00 | OK | |
r-patched-linux-x86_64 | 0.0-4 | 6.32 | 409.56 | 415.88 | OK | |
r-release-linux-x86_64 | 0.0-4 | 8.39 | 422.40 | 430.79 | OK | |
r-release-macos-arm64 | 0.0-4 | 140.00 | OK | |||
r-release-macos-x86_64 | 0.0-4 | 178.00 | NOTE | |||
r-release-windows-x86_64 | 0.0-4 | 12.00 | 435.00 | 447.00 | OK | |
r-oldrel-macos-arm64 | 0.0-4 | 196.00 | OK | |||
r-oldrel-macos-x86_64 | 0.0-4 | 267.00 | OK | |||
r-oldrel-windows-x86_64 | 0.0-4 | 13.00 | 426.00 | 439.00 | OK |
Version: 0.0-4
Check: package dependencies
Result: NOTE
Package suggested but not available for checking: ‘tramnet’
Flavor: r-release-macos-x86_64
Version: 0.0-4
Check: re-building of vignette outputs
Result: NOTE
Note: skipping ‘tramvs.Rnw’ due to unavailable dependencies: 'tramnet'
Flavor: r-release-macos-x86_64