CRAN Package Check Results for Package transfR

Last updated on 2022-12-05 13:51:19 CET.

Flavor Version Tinstall Tcheck Ttotal Status Flags
r-devel-linux-x86_64-debian-clang 1.0.2 8.12 139.67 147.79 OK
r-devel-linux-x86_64-debian-gcc 1.0.2 6.69 105.82 112.51 OK
r-devel-linux-x86_64-fedora-clang 1.0.2 193.78 NOTE
r-devel-linux-x86_64-fedora-gcc 1.0.2 202.99 NOTE
r-devel-windows-x86_64 1.0.2 34.00 513.00 547.00 OK
r-patched-linux-x86_64 1.0.2 7.78 133.14 140.92 OK
r-release-linux-x86_64 1.0.2 7.59 128.68 136.27 OK
r-release-macos-arm64 1.0.2 201.00 NOTE
r-release-macos-x86_64 1.0.2 250.00 NOTE
r-release-windows-x86_64 1.0.2 24.00 543.00 567.00 OK
r-oldrel-macos-arm64 1.0.2 191.00 NOTE
r-oldrel-macos-x86_64 1.0.2 241.00 NOTE
r-oldrel-windows-ix86+x86_64 1.0.2 25.00 669.00 694.00 WARN

Check Details

Version: 1.0.2
Check: data for non-ASCII characters
Result: NOTE
     Note: found 1 marked UTF-8 string
Flavors: r-devel-linux-x86_64-fedora-clang, r-devel-linux-x86_64-fedora-gcc, r-release-macos-arm64, r-release-macos-x86_64, r-oldrel-macos-arm64, r-oldrel-macos-x86_64

Version: 1.0.2
Check: re-building of vignette outputs
Result: WARN
    Error(s) in re-building vignettes:
    --- re-building 'V01_get_started.Rmd' using rmarkdown
    Loading required package: stars
    Loading required package: abind
    Loading required package: sf
    Linking to GEOS 3.10.2, GDAL 3.4.1, PROJ 7.2.1; sf_use_s2() is TRUE
    --- finished re-building 'V01_get_started.Rmd'
    
    --- re-building 'V02_inputs_preparation_stars.Rmd' using rmarkdown
    Loading required package: stars
    Loading required package: abind
    Loading required package: sf
    Linking to GEOS 3.10.2, GDAL 3.4.1, PROJ 7.2.1; sf_use_s2() is TRUE
    udunits database from D:/temp/Rtmp6T4IT6/RLIBS_23c05ed15033/units/share/udunits/udunits2.xml
    --- finished re-building 'V02_inputs_preparation_stars.Rmd'
    
    --- re-building 'V03_inputs_preparation_whitebox.Rmd' using rmarkdown
    Loading required package: sp
    Please note that rgdal will be retired during 2023,
    plan transition to sf/stars/terra functions using GDAL and PROJ
    at your earliest convenience.
    See https://r-spatial.org/r/2022/04/12/evolution.html and https://github.com/r-spatial/evolution
    rgdal: version: 1.6-2, (SVN revision 1183)
    Geospatial Data Abstraction Library extensions to R successfully loaded
    Loaded GDAL runtime: GDAL 3.4.1, released 2021/12/27
    Path to GDAL shared files: D:/temp/Rtmp6T4IT6/RLIBS_23c05ed15033/rgdal/gdal
    GDAL binary built with GEOS: TRUE
    Loaded PROJ runtime: Rel. 7.2.1, January 1st, 2021, [PJ_VERSION: 721]
    Path to PROJ shared files: D:/temp/Rtmp6T4IT6/RLIBS_23c05ed15033/rgdal/proj
    PROJ CDN enabled: FALSE
    Linking to sp version:1.5-1
    To mute warnings of possible GDAL/OSR exportToProj4() degradation,
    use options("rgdal_show_exportToProj4_warnings"="none") before loading sp or rgdal.
    Mosaicing & Projecting
    Note: Elevation units are in meters.
    trying URL 'https://www.whiteboxgeo.com/WBT_Windows/WhiteboxTools_win_amd64.zip'
     length 17844010 bytes (17.0 MB)
    ==================================================
    downloaded 17.0 MB
    
    
    Error running WhiteboxTools (RasterizeStreams)
     whitebox.exe_path: "D:\temp\Rtmpu6Vv6N/WBT/whitebox_tools.exe"; File exists? TRUE
     Arguments: --run=RasterizeStreams --streams="network_topage.shp" --base="dem_100m.tif" --output="network_topage.tif" --wd="D:\temp\Rtmpu6Vv6N" -v
    
    System command had status 313
    
    Error running WhiteboxTools (BurnStreamsAtRoads)
     whitebox.exe_path: "D:\temp\Rtmpu6Vv6N/WBT/whitebox_tools.exe"; File exists? TRUE
     Arguments: --run=BurnStreamsAtRoads --dem="dem_100m.tif" --streams="network_topage.shp" --roads="roads.shp" --output="dem_100m_burn.tif" --wd="D:\temp\Rtmpu6Vv6N" -v
    
    System command had status 313
    
    Error running WhiteboxTools (FillDepressions)
     whitebox.exe_path: "D:\temp\Rtmpu6Vv6N/WBT/whitebox_tools.exe"; File exists? TRUE
     Arguments: --run=FillDepressions --dem="dem_100m_burn.tif" --output="dem_fill.tif" --fix_flats --wd="D:\temp\Rtmpu6Vv6N" -v
    
    System command had status 313
    
    Error running WhiteboxTools (D8Pointer)
     whitebox.exe_path: "D:\temp\Rtmpu6Vv6N/WBT/whitebox_tools.exe"; File exists? TRUE
     Arguments: --run=D8Pointer --dem="dem_fill.tif" --output="d8.tif" --wd="D:\temp\Rtmpu6Vv6N" -v
    
    System command had status 313
    
    Error running WhiteboxTools (D8FlowAccumulation)
     whitebox.exe_path: "D:\temp\Rtmpu6Vv6N/WBT/whitebox_tools.exe"; File exists? TRUE
     Arguments: --run=D8FlowAccumulation --input="d8.tif" --output="facc.tif" --out_type=cells --pntr --wd="D:\temp\Rtmpu6Vv6N" -v
    
    System command had status 313
    
    Error running WhiteboxTools (ExtractStreams)
     whitebox.exe_path: "D:\temp\Rtmpu6Vv6N/WBT/whitebox_tools.exe"; File exists? TRUE
     Arguments: --run=ExtractStreams --flow_accum="facc.tif" --output="network_1km2.tif" --threshold=100 --zero_background --wd="D:\temp\Rtmpu6Vv6N" -v
    
    System command had status 313
    
    Error running WhiteboxTools (RemoveShortStreams)
     whitebox.exe_path: "D:\temp\Rtmpu6Vv6N/WBT/whitebox_tools.exe"; File exists? TRUE
     Arguments: --run=RemoveShortStreams --d8_pntr="d8.tif" --streams="network_1km2.tif" --output="network_d8.tif" --min_length=200 --wd="D:\temp\Rtmpu6Vv6N" -v
    
    System command had status 313
    
    Error running WhiteboxTools (JensonSnapPourPoints)
     whitebox.exe_path: "D:\temp\Rtmpu6Vv6N/WBT/whitebox_tools.exe"; File exists? TRUE
     Arguments: --run=JensonSnapPourPoints --pour_pts="outlets.shp" --streams="network_d8.tif" --output="outlets_snapped.shp" --snap_dist=200 --wd="D:\temp\Rtmpu6Vv6N" -v
    
    System command had status 313
    Quitting from lines 162-193 (V03_inputs_preparation_whitebox.Rmd)
    Error: processing vignette 'V03_inputs_preparation_whitebox.Rmd' failed with diagnostics:
    Cannot open "D:\temp\Rtmpu6Vv6N/outlets_snapped.shp"; The file doesn't seem to exist.
    --- failed re-building 'V03_inputs_preparation_whitebox.Rmd'
    
    SUMMARY: processing the following file failed:
     'V03_inputs_preparation_whitebox.Rmd'
    
    Error: Vignette re-building failed.
    Execution halted
Flavor: r-oldrel-windows-ix86+x86_64