CRAN Package Check Results for Package transforEmotion

Last updated on 2022-07-04 06:51:39 CEST.

Flavor Version Tinstall Tcheck Ttotal Status Flags
r-devel-linux-x86_64-debian-clang 0.1.1 5.17 65.15 70.32 OK
r-devel-linux-x86_64-debian-gcc 0.1.1 4.55 49.78 54.33 OK
r-devel-linux-x86_64-fedora-clang 0.1.1 101.12 NOTE
r-devel-linux-x86_64-fedora-gcc 0.1.1 92.45 NOTE
r-devel-windows-x86_64 0.1.1 44.00 92.00 136.00 OK
r-patched-linux-x86_64 0.1.1 4.88 61.86 66.74 OK
r-release-linux-x86_64 0.1.1 5.42 61.75 67.17 OK
r-release-macos-arm64 0.1.1 30.00 NOTE
r-release-macos-x86_64 0.1.1 45.00 NOTE
r-release-windows-x86_64 0.1.1 57.00 104.00 161.00 OK
r-oldrel-macos-arm64 0.1.1 28.00 NOTE
r-oldrel-macos-x86_64 0.1.1 43.00 NOTE
r-oldrel-windows-ix86+x86_64 0.1.1 16.00 95.00 111.00 OK

Check Details

Version: 0.1.1
Check: data for non-ASCII characters
Result: NOTE
     Note: found 827 marked UTF-8 strings
Flavors: r-devel-linux-x86_64-fedora-clang, r-devel-linux-x86_64-fedora-gcc, r-release-macos-arm64, r-release-macos-x86_64, r-oldrel-macos-arm64, r-oldrel-macos-x86_64