CRAN Package Check Results for Package translate

Last updated on 2020-04-02 21:48:02 CEST.

Flavor Version Tinstall Tcheck Ttotal Status Flags
r-devel-linux-x86_64-debian-clang 0.1.2 2.67 28.19 30.86 NOTE
r-devel-linux-x86_64-debian-gcc 0.1.2 2.25 23.09 25.34 NOTE
r-devel-linux-x86_64-fedora-clang 0.1.2 40.80 NOTE
r-devel-linux-x86_64-fedora-gcc 0.1.2 38.00 NOTE
r-devel-windows-ix86+x86_64 0.1.2 7.00 72.00 79.00 NOTE
r-devel-windows-ix86+x86_64-gcc8 0.1.2 7.00 47.00 54.00 NOTE
r-patched-linux-x86_64 0.1.2 2.87 28.04 30.91 NOTE
r-patched-solaris-x86 0.1.2 64.00 NOTE
r-release-linux-x86_64 0.1.2 1.98 26.19 28.17 NOTE
r-release-windows-ix86+x86_64 0.1.2 5.00 42.00 47.00 NOTE
r-release-osx-x86_64 0.1.2 NOTE
r-oldrel-windows-ix86+x86_64 0.1.2 3.00 43.00 46.00 NOTE
r-oldrel-osx-x86_64 0.1.2 NOTE

Check Details

Version: 0.1.2
Check: DESCRIPTION meta-information
Result: NOTE
    Malformed Description field: should contain one or more complete sentences.
Flavors: r-devel-linux-x86_64-debian-clang, r-devel-linux-x86_64-debian-gcc, r-devel-linux-x86_64-fedora-clang, r-devel-linux-x86_64-fedora-gcc, r-devel-windows-ix86+x86_64, r-devel-windows-ix86+x86_64-gcc8, r-patched-linux-x86_64, r-patched-solaris-x86, r-release-linux-x86_64, r-release-windows-ix86+x86_64, r-release-osx-x86_64, r-oldrel-windows-ix86+x86_64, r-oldrel-osx-x86_64