CRAN Package Check Results for Package translate

Last updated on 2020-08-06 21:48:51 CEST.

Flavor Version Tinstall Tcheck Ttotal Status Flags
r-devel-linux-x86_64-debian-clang 0.1.2 2.50 29.04 31.54 NOTE
r-devel-linux-x86_64-debian-gcc 0.1.2 2.15 23.17 25.32 NOTE
r-devel-linux-x86_64-fedora-clang 0.1.2 47.21 NOTE
r-devel-linux-x86_64-fedora-gcc 0.1.2 37.92 NOTE
r-devel-windows-ix86+x86_64 0.1.2 10.00 42.00 52.00 NOTE
r-patched-linux-x86_64 0.1.2 2.45 29.04 31.49 NOTE
r-patched-solaris-x86 0.1.2 61.80 NOTE
r-release-linux-x86_64 0.1.2 2.44 28.98 31.42 NOTE
r-release-macos-x86_64 0.1.2 NOTE
r-release-windows-ix86+x86_64 0.1.2 7.00 53.00 60.00 NOTE
r-oldrel-macos-x86_64 0.1.2 NOTE
r-oldrel-windows-ix86+x86_64 0.1.2 5.00 46.00 51.00 NOTE

Check Details

Version: 0.1.2
Check: DESCRIPTION meta-information
Result: NOTE
    Malformed Description field: should contain one or more complete sentences.
Flavors: r-devel-linux-x86_64-debian-clang, r-devel-linux-x86_64-debian-gcc, r-devel-linux-x86_64-fedora-clang, r-devel-linux-x86_64-fedora-gcc, r-devel-windows-ix86+x86_64, r-patched-linux-x86_64, r-patched-solaris-x86, r-release-linux-x86_64, r-release-macos-x86_64, r-release-windows-ix86+x86_64, r-oldrel-macos-x86_64, r-oldrel-windows-ix86+x86_64