CRAN Package Check Results for Package translateR

Last updated on 2020-03-30 09:51:45 CEST.

Flavor Version Tinstall Tcheck Ttotal Status Flags
r-devel-linux-x86_64-debian-clang 1.0 2.62 27.60 30.22 NOTE
r-devel-linux-x86_64-debian-gcc 1.0 2.43 22.25 24.68 NOTE
r-devel-linux-x86_64-fedora-clang 1.0 38.87 NOTE
r-devel-linux-x86_64-fedora-gcc 1.0 36.51 NOTE
r-devel-windows-ix86+x86_64 1.0 8.00 42.00 50.00 NOTE
r-devel-windows-ix86+x86_64-gcc8 1.0 7.00 40.00 47.00 NOTE
r-patched-linux-x86_64 1.0 2.94 27.22 30.16 NOTE
r-patched-solaris-x86 1.0 61.70 NOTE
r-release-linux-x86_64 1.0 2.30 24.98 27.28 NOTE
r-release-windows-ix86+x86_64 1.0 9.00 56.00 65.00 NOTE
r-release-osx-x86_64 1.0 NOTE
r-oldrel-windows-ix86+x86_64 1.0 6.00 55.00 61.00 NOTE
r-oldrel-osx-x86_64 1.0 NOTE

Check Details

Version: 1.0
Check: R code for possible problems
Result: NOTE
    microsoftTranslate: no visible global function definition for
     'URLencode'
    Undefined global functions or variables:
     URLencode
    Consider adding
     importFrom("utils", "URLencode")
    to your NAMESPACE file.
Flavors: r-devel-linux-x86_64-debian-clang, r-devel-linux-x86_64-debian-gcc, r-devel-linux-x86_64-fedora-clang, r-devel-linux-x86_64-fedora-gcc, r-devel-windows-ix86+x86_64, r-devel-windows-ix86+x86_64-gcc8, r-patched-linux-x86_64, r-patched-solaris-x86, r-release-linux-x86_64, r-release-windows-ix86+x86_64, r-release-osx-x86_64, r-oldrel-windows-ix86+x86_64, r-oldrel-osx-x86_64