CRAN Package Check Results for Package trapezoid

Last updated on 2020-04-09 00:50:45 CEST.

Flavor Version Tinstall Tcheck Ttotal Status Flags
r-devel-linux-x86_64-debian-clang 2.0-0 2.60 27.77 30.37 NOTE
r-devel-linux-x86_64-debian-gcc 2.0-0 2.09 21.59 23.68 NOTE
r-devel-linux-x86_64-fedora-clang 2.0-0 37.47 NOTE
r-devel-linux-x86_64-fedora-gcc 2.0-0 36.65 NOTE
r-devel-windows-ix86+x86_64 2.0-0 8.00 80.00 88.00 NOTE
r-devel-windows-ix86+x86_64-gcc8 2.0-0 8.00 53.00 61.00 NOTE
r-patched-linux-x86_64 2.0-0 2.51 27.05 29.56 NOTE
r-patched-solaris-x86 2.0-0 55.10 NOTE
r-release-linux-x86_64 2.0-0 1.85 25.94 27.79 NOTE
r-release-windows-ix86+x86_64 2.0-0 7.00 76.00 83.00 NOTE
r-release-osx-x86_64 2.0-0 NOTE
r-oldrel-windows-ix86+x86_64 2.0-0 9.00 54.00 63.00 NOTE
r-oldrel-osx-x86_64 2.0-0 NOTE

Check Details

Version: 2.0-0
Check: R code for possible problems
Result: NOTE
    rtrapezoid: no visible global function definition for 'runif'
    Undefined global functions or variables:
     runif
    Consider adding
     importFrom("stats", "runif")
    to your NAMESPACE file.
Flavors: r-devel-linux-x86_64-debian-clang, r-devel-linux-x86_64-debian-gcc, r-devel-linux-x86_64-fedora-clang, r-devel-linux-x86_64-fedora-gcc, r-devel-windows-ix86+x86_64, r-devel-windows-ix86+x86_64-gcc8, r-patched-linux-x86_64, r-patched-solaris-x86, r-release-linux-x86_64, r-release-windows-ix86+x86_64, r-release-osx-x86_64, r-oldrel-windows-ix86+x86_64, r-oldrel-osx-x86_64

Version: 2.0-0
Check: compiled code
Result: NOTE
    File ‘trapezoid/libs/trapezoid.so’:
     Found no calls to: ‘R_registerRoutines’, ‘R_useDynamicSymbols’
    
    It is good practice to register native routines and to disable symbol
    search.
    
    See ‘Writing portable packages’ in the ‘Writing R Extensions’ manual.
Flavors: r-devel-linux-x86_64-fedora-clang, r-devel-linux-x86_64-fedora-gcc