CRAN Package Check Results for Package trawl

Last updated on 2021-04-10 16:48:43 CEST.

Flavor Version Tinstall Tcheck Ttotal Status Flags
r-devel-linux-x86_64-debian-clang 0.2.2 3.72 105.13 108.85 NOTE
r-devel-linux-x86_64-debian-gcc 0.2.2 3.16 78.85 82.01 NOTE
r-devel-linux-x86_64-fedora-clang 0.2.2 138.74 NOTE
r-devel-linux-x86_64-fedora-gcc 0.2.2 130.76 NOTE
r-devel-windows-ix86+x86_64 0.2.2 9.00 143.00 152.00 NOTE
r-devel-windows-x86_64-gcc10-UCRT 0.2.2 NOTE
r-patched-linux-x86_64 0.2.2 4.22 108.58 112.80 OK
r-patched-solaris-x86 0.2.2 321.40 OK
r-release-linux-x86_64 0.2.2 3.97 109.46 113.43 OK
r-release-macos-x86_64 0.2.2 OK
r-release-windows-ix86+x86_64 0.2.2 9.00 179.00 188.00 OK
r-oldrel-macos-x86_64 0.2.2 ERROR

Check Details

Version: 0.2.2
Check: LazyData
Result: NOTE
     'LazyData' is specified without a 'data' directory
Flavors: r-devel-linux-x86_64-debian-clang, r-devel-linux-x86_64-debian-gcc, r-devel-linux-x86_64-fedora-clang, r-devel-linux-x86_64-fedora-gcc, r-devel-windows-ix86+x86_64, r-devel-windows-x86_64-gcc10-UCRT

Version: 0.2.2
Check: whether package can be installed
Result: ERROR
    Installation failed.
Flavor: r-oldrel-macos-x86_64