CRAN Package Check Results for Package tree

Last updated on 2019-09-19 02:48:03 CEST.

Flavor Version Tinstall Tcheck Ttotal Status Flags
r-devel-linux-x86_64-debian-clang 1.0-40 5.63 25.26 30.89 OK
r-devel-linux-x86_64-debian-gcc 1.0-40 3.89 20.27 24.16 OK
r-devel-linux-x86_64-fedora-clang 1.0-40 39.66 OK
r-devel-linux-x86_64-fedora-gcc 1.0-40 38.79 OK
r-devel-windows-ix86+x86_64 1.0-40 16.00 48.00 64.00 OK
r-patched-linux-x86_64 1.0-40 4.35 25.38 29.73 OK
r-patched-solaris-x86 1.0-40 55.00 OK
r-release-linux-x86_64 1.0-40 4.75 25.28 30.03 OK
r-release-windows-ix86+x86_64 1.0-40 18.00 67.00 85.00 OK
r-release-osx-x86_64 1.0-40 OK
r-oldrel-windows-ix86+x86_64 1.0-39 18.00 46.00 64.00 OK
r-oldrel-osx-x86_64 1.0-40 ERROR

Check Details

Version: 1.0-40
Check: whether package can be installed
Result: ERROR
    Installation failed.
Flavor: r-oldrel-osx-x86_64