Last updated on 2023-05-28 22:00:25 CEST.
Flavor | Version | Tinstall | Tcheck | Ttotal | Status | Flags |
---|---|---|---|---|---|---|
r-devel-linux-x86_64-debian-clang | 0.1.1 | 40.47 | 55.07 | 95.54 | NOTE | |
r-devel-linux-x86_64-debian-gcc | 0.1.1 | 34.54 | 42.57 | 77.11 | NOTE | |
r-devel-linux-x86_64-fedora-clang | 0.1.1 | 140.12 | NOTE | |||
r-devel-linux-x86_64-fedora-gcc | 0.1.1 | 151.33 | NOTE | |||
r-devel-windows-x86_64 | 0.1.1 | 34.00 | 84.00 | 118.00 | NOTE | |
r-patched-linux-x86_64 | 0.1.1 | 35.52 | 54.12 | 89.64 | NOTE | |
r-release-linux-x86_64 | 0.1.1 | 37.42 | 52.88 | 90.30 | NOTE | |
r-release-macos-arm64 | 0.1.1 | 48.00 | NOTE | |||
r-release-macos-x86_64 | 0.1.1 | 77.00 | NOTE | |||
r-release-windows-x86_64 | 0.1.1 | 42.00 | 94.00 | 136.00 | NOTE | |
r-oldrel-macos-arm64 | 0.1.1 | 39.00 | OK | |||
r-oldrel-macos-x86_64 | 0.1.1 | 51.00 | OK | |||
r-oldrel-windows-x86_64 | 0.1.1 | 43.00 | 94.00 | 137.00 | OK |
Version: 0.1.1
Check: C++ specification
Result: NOTE
Specified C++11: please drop specification unless essential
Flavors: r-devel-linux-x86_64-debian-clang, r-devel-linux-x86_64-debian-gcc, r-devel-linux-x86_64-fedora-clang, r-devel-linux-x86_64-fedora-gcc, r-devel-windows-x86_64, r-patched-linux-x86_64, r-release-linux-x86_64, r-release-macos-arm64, r-release-macos-x86_64, r-release-windows-x86_64