CRAN Package Check Results for Package treeDA

Last updated on 2019-09-20 09:51:36 CEST.

Flavor Version Tinstall Tcheck Ttotal Status Flags
r-devel-linux-x86_64-debian-clang 0.0.4 18.86 274.28 293.14 OK
r-devel-linux-x86_64-debian-gcc 0.0.4 17.47 214.49 231.96 OK
r-devel-linux-x86_64-fedora-clang 0.0.4 374.02 OK
r-devel-linux-x86_64-fedora-gcc 0.0.4 367.26 OK
r-devel-windows-ix86+x86_64 0.0.4 69.00 247.00 316.00 OK
r-patched-linux-x86_64 0.0.4 18.61 264.90 283.51 OK
r-patched-solaris-x86 0.0.4 589.60 OK
r-release-linux-x86_64 0.0.4 18.87 266.49 285.36 OK
r-release-windows-ix86+x86_64 0.0.4 49.00 346.00 395.00 OK
r-release-osx-x86_64 0.0.4 ERROR
r-oldrel-windows-ix86+x86_64 0.0.4 23.00 273.00 296.00 OK
r-oldrel-osx-x86_64 0.0.4 OK

Check Details

Version: 0.0.4
Check: package dependencies
Result: ERROR
    Package required but not available: ‘phyloseq’
    
    Package suggested but not available for checking: ‘adaptiveGPCA’
    
    See section ‘The DESCRIPTION file’ in the ‘Writing R Extensions’
    manual.
Flavor: r-release-osx-x86_64