CRAN Package Check Results for Package treeDA

Last updated on 2019-06-20 13:47:10 CEST.

Flavor Version Tinstall Tcheck Ttotal Status Flags
r-devel-linux-x86_64-debian-clang 0.0.4 19.80 277.74 297.54 OK
r-devel-linux-x86_64-debian-gcc 0.0.4 18.60 214.95 233.55 OK
r-devel-linux-x86_64-fedora-clang 0.0.4 349.06 OK
r-devel-linux-x86_64-fedora-gcc 0.0.4 242.62 OK
r-devel-windows-ix86+x86_64 0.0.4 61.00 355.00 416.00 OK
r-patched-linux-x86_64 0.0.4 19.65 266.21 285.86 OK
r-patched-solaris-x86 0.0.4 574.80 OK
r-release-linux-x86_64 0.0.4 18.06 266.41 284.47 OK
r-release-windows-ix86+x86_64 0.0.4 53.00 356.00 409.00 OK
r-release-osx-x86_64 0.0.4 ERROR
r-oldrel-windows-ix86+x86_64 0.0.4 26.00 387.00 413.00 OK
r-oldrel-osx-x86_64 0.0.4 OK

Check Details

Version: 0.0.4
Check: package dependencies
Result: ERROR
    Package required but not available: ‘phyloseq’
    
    Package suggested but not available for checking: ‘adaptiveGPCA’
    
    See section ‘The DESCRIPTION file’ in the ‘Writing R Extensions’
    manual.
Flavor: r-release-osx-x86_64