CRAN Package Check Results for Package treestructure

Last updated on 2020-12-05 22:53:00 CET.

Flavor Version Tinstall Tcheck Ttotal Status Flags
r-devel-linux-x86_64-debian-clang 0.1.0 19.20 51.51 70.71 OK
r-devel-linux-x86_64-debian-gcc 0.1.0 13.37 40.90 54.27 OK
r-devel-linux-x86_64-fedora-clang 0.1.0 95.11 OK
r-devel-linux-x86_64-fedora-gcc 0.1.0 87.62 OK
r-devel-windows-ix86+x86_64 0.1.0 45.00 90.00 135.00 OK
r-patched-linux-x86_64 0.1.0 15.14 48.35 63.49 OK
r-patched-solaris-x86 0.1.0 103.30 OK
r-release-linux-x86_64 0.1.0 15.75 47.98 63.73 OK
r-release-macos-x86_64 0.1.0 WARN
r-release-windows-ix86+x86_64 0.1.0 39.00 80.00 119.00 OK
r-oldrel-macos-x86_64 0.1.0 OK
r-oldrel-windows-ix86+x86_64 0.1.0 41.00 77.00 118.00 OK

Check Details

Version: 0.1.0
Check: package dependencies
Result: NOTE
    Package suggested but not available for checking: ‘ggtree’
Flavor: r-release-macos-x86_64

Version: 0.1.0
Check: re-building of vignette outputs
Result: WARN
    Error(s) in re-building vignettes:
     ...
    --- re-building ‘structuredCoalescent.Rmd’ using rmarkdown
    Warning in engine$weave(file, quiet = quiet, encoding = enc) :
     Pandoc (>= 1.12.3) and/or pandoc-citeproc not available. Falling back to R Markdown v1.
    Quitting from lines 64-65 (structuredCoalescent.Rmd)
    Error: processing vignette 'structuredCoalescent.Rmd' failed with diagnostics:
    "ggtree" %in% utils::installed.packages()[, 1] is not TRUE
    --- failed re-building ‘structuredCoalescent.Rmd’
    
    SUMMARY: processing the following file failed:
     ‘structuredCoalescent.Rmd’
    
    Error: Vignette re-building failed.
    Execution halted
Flavor: r-release-macos-x86_64