CRAN Package Check Results for Package trekfont

Last updated on 2021-10-16 06:48:29 CEST.

Flavor Version Tinstall Tcheck Ttotal Status Flags
r-devel-linux-x86_64-debian-clang 0.9.5 2.37 21.99 24.36 OK
r-devel-linux-x86_64-debian-gcc 0.9.5 1.63 17.58 19.21 OK
r-devel-linux-x86_64-fedora-clang 0.9.5 39.99 OK
r-devel-linux-x86_64-fedora-gcc 0.9.5 28.42 OK
r-devel-windows-x86_64 0.9.5 5.00 28.00 33.00 OK
r-devel-windows-x86_64-gcc10-UCRT 0.9.5 OK
r-patched-linux-x86_64 0.9.5 2.41 21.90 24.31 OK
r-patched-solaris-x86 0.9.5 49.00 NOTE
r-release-linux-x86_64 0.9.5 2.02 21.75 23.77 OK
r-release-macos-arm64 0.9.5 OK
r-release-macos-x86_64 0.9.5 OK
r-release-windows-ix86+x86_64 0.9.5 6.00 38.00 44.00 OK
r-oldrel-macos-x86_64 0.9.5 OK
r-oldrel-windows-ix86+x86_64 0.9.5 6.00 38.00 44.00 OK

Check Details

Version: 0.9.5
Check: installed package size
Result: NOTE
     installed size is 5.5Mb
     sub-directories of 1Mb or more:
     fonts 5.3Mb
Flavor: r-patched-solaris-x86