CRAN Package Check Results for Package trendchange

Last updated on 2021-10-28 16:50:42 CEST.

Flavor Version Tinstall Tcheck Ttotal Status Flags
r-devel-linux-x86_64-debian-clang 1.1 2.03 19.75 21.78 NOTE
r-devel-linux-x86_64-debian-gcc 1.1 1.59 15.74 17.33 NOTE
r-devel-linux-x86_64-fedora-clang 1.1 37.51 NOTE
r-devel-linux-x86_64-fedora-gcc 1.1 26.48 NOTE
r-devel-windows-x86_64 1.1 4.00 29.00 33.00 NOTE
r-devel-windows-x86_64-gcc10-UCRT 1.1 NOTE
r-patched-linux-x86_64 1.1 1.77 19.44 21.21 NOTE
r-patched-solaris-x86 1.1 43.80 NOTE
r-release-linux-x86_64 1.1 2.00 19.23 21.23 NOTE
r-release-macos-arm64 1.1 NOTE
r-release-macos-x86_64 1.1 NOTE
r-release-windows-ix86+x86_64 1.1 4.00 39.00 43.00 NOTE
r-oldrel-macos-x86_64 1.1 OK
r-oldrel-windows-ix86+x86_64 1.1 5.00 36.00 41.00 OK

Check Details

Version: 1.1
Check: LazyData
Result: NOTE
     'LazyData' is specified without a 'data' directory
Flavors: r-devel-linux-x86_64-debian-clang, r-devel-linux-x86_64-debian-gcc, r-devel-linux-x86_64-fedora-clang, r-devel-linux-x86_64-fedora-gcc, r-devel-windows-x86_64, r-devel-windows-x86_64-gcc10-UCRT, r-patched-linux-x86_64, r-patched-solaris-x86, r-release-linux-x86_64, r-release-macos-arm64, r-release-macos-x86_64, r-release-windows-ix86+x86_64