CRAN Package Check Results for Package trialr

Last updated on 2019-03-19 00:48:22 CET.

Flavor Version Tinstall Tcheck Ttotal Status Flags
r-devel-linux-x86_64-debian-clang 0.0.7 230.53 180.54 411.07 NOTE
r-devel-linux-x86_64-debian-gcc 0.0.7 214.65 138.03 352.68 NOTE
r-devel-linux-x86_64-fedora-clang 0.0.7 546.39 NOTE
r-devel-linux-x86_64-fedora-gcc 0.0.7 518.85 NOTE
r-devel-windows-ix86+x86_64 0.0.7 469.00 360.00 829.00 NOTE
r-patched-linux-x86_64 0.0.7 237.83 160.51 398.34 NOTE
r-patched-solaris-x86 0.0.7 480.30 NOTE
r-release-linux-x86_64 0.0.7 239.03 161.49 400.52 NOTE
r-release-windows-ix86+x86_64 0.0.7 363.00 249.00 612.00 NOTE
r-release-osx-x86_64 0.0.7 NOTE
r-oldrel-windows-ix86+x86_64 0.0.7 446.00 371.00 817.00 NOTE
r-oldrel-osx-x86_64 0.0.7 NOTE

Check Details

Version: 0.0.7
Check: for GNU extensions in Makefiles
Result: NOTE
    GNU make is a SystemRequirements.
Flavors: r-devel-linux-x86_64-debian-clang, r-devel-linux-x86_64-debian-gcc, r-devel-linux-x86_64-fedora-clang, r-devel-linux-x86_64-fedora-gcc, r-devel-windows-ix86+x86_64, r-patched-linux-x86_64, r-patched-solaris-x86, r-release-linux-x86_64, r-release-windows-ix86+x86_64, r-release-osx-x86_64, r-oldrel-windows-ix86+x86_64, r-oldrel-osx-x86_64

Version: 0.0.7
Check: installed package size
Result: NOTE
     installed size is 55.9Mb
     sub-directories of 1Mb or more:
     libs 54.3Mb
Flavors: r-devel-linux-x86_64-fedora-clang, r-devel-windows-ix86+x86_64, r-patched-solaris-x86, r-release-windows-ix86+x86_64, r-release-osx-x86_64, r-oldrel-windows-ix86+x86_64, r-oldrel-osx-x86_64