CRAN Package Check Results for Package trialr

Last updated on 2019-05-23 12:46:54 CEST.

Flavor Version Tinstall Tcheck Ttotal Status Flags
r-devel-linux-x86_64-debian-clang 0.1.0 590.51 181.39 771.90 NOTE
r-devel-linux-x86_64-debian-gcc 0.1.0 583.89 163.66 747.55 NOTE
r-devel-linux-x86_64-fedora-clang 0.1.0 1243.86 NOTE
r-devel-linux-x86_64-fedora-gcc 0.1.0 1016.49 NOTE
r-devel-windows-ix86+x86_64 0.1.0 1212.00 383.00 1595.00 NOTE
r-patched-linux-x86_64 0.1.0 661.56 206.95 868.51 NOTE
r-patched-solaris-x86 0.1.0 936.10 NOTE
r-release-linux-x86_64 0.1.0 667.46 206.24 873.70 NOTE
r-release-windows-ix86+x86_64 0.1.0 1513.00 373.00 1886.00 NOTE
r-release-osx-x86_64 0.1.0 NOTE
r-oldrel-windows-ix86+x86_64 0.1.0 1093.00 258.00 1351.00 NOTE
r-oldrel-osx-x86_64 0.1.0 NOTE

Check Details

Version: 0.1.0
Check: for GNU extensions in Makefiles
Result: NOTE
    GNU make is a SystemRequirements.
Flavors: r-devel-linux-x86_64-debian-clang, r-devel-linux-x86_64-debian-gcc, r-devel-linux-x86_64-fedora-clang, r-devel-linux-x86_64-fedora-gcc, r-devel-windows-ix86+x86_64, r-patched-linux-x86_64, r-patched-solaris-x86, r-release-linux-x86_64, r-release-windows-ix86+x86_64, r-release-osx-x86_64, r-oldrel-windows-ix86+x86_64, r-oldrel-osx-x86_64

Version: 0.1.0
Check: installed package size
Result: NOTE
     installed size is 89.4Mb
     sub-directories of 1Mb or more:
     doc 1.6Mb
     libs 87.1Mb
Flavors: r-devel-linux-x86_64-fedora-clang, r-devel-windows-ix86+x86_64, r-patched-solaris-x86, r-release-windows-ix86+x86_64, r-release-osx-x86_64, r-oldrel-windows-ix86+x86_64, r-oldrel-osx-x86_64

Version: 0.1.0
Check: dependencies in R code
Result: NOTE
    Namespaces in Imports field not imported from:
     ‘dplyr’ ‘magrittr’ ‘tidyr’
     All declared Imports should be used.
Flavors: r-devel-linux-x86_64-fedora-clang, r-devel-linux-x86_64-fedora-gcc, r-patched-solaris-x86, r-release-osx-x86_64, r-oldrel-osx-x86_64