CRAN Package Check Results for Package trialr

Last updated on 2019-08-22 00:51:26 CEST.

Flavor Version Tinstall Tcheck Ttotal Status Flags
r-devel-linux-x86_64-debian-clang 0.1.2 693.59 394.78 1088.37 NOTE
r-devel-linux-x86_64-debian-gcc 0.1.2 719.96 302.29 1022.25 NOTE
r-devel-linux-x86_64-fedora-clang 0.1.2 1220.91 WARN
r-devel-linux-x86_64-fedora-gcc 0.1.2 1644.92 NOTE
r-devel-windows-ix86+x86_64 0.1.2 1747.00 788.00 2535.00 NOTE
r-patched-linux-x86_64 0.1.2 726.28 403.04 1129.32 NOTE
r-patched-solaris-x86 0.1.2 1393.30 NOTE
r-release-linux-x86_64 0.1.2 749.41 402.87 1152.28 NOTE
r-release-windows-ix86+x86_64 0.1.2 1724.00 651.00 2375.00 NOTE
r-release-osx-x86_64 0.1.2 NOTE
r-oldrel-windows-ix86+x86_64 0.1.2 1704.00 740.00 2444.00 NOTE
r-oldrel-osx-x86_64 0.1.2 NOTE

Check Details

Version: 0.1.2
Check: for GNU extensions in Makefiles
Result: NOTE
    GNU make is a SystemRequirements.
Flavors: r-devel-linux-x86_64-debian-clang, r-devel-linux-x86_64-debian-gcc, r-devel-linux-x86_64-fedora-clang, r-devel-linux-x86_64-fedora-gcc, r-devel-windows-ix86+x86_64, r-patched-linux-x86_64, r-patched-solaris-x86, r-release-linux-x86_64, r-release-windows-ix86+x86_64, r-release-osx-x86_64, r-oldrel-windows-ix86+x86_64, r-oldrel-osx-x86_64

Version: 0.1.2
Check: whether package can be installed
Result: WARN
    Found the following significant warnings:
     /data/gannet/ripley/R/test-clang/StanHeaders/include/stan/math/prim/mat/err/is_lower_triangular.hpp:25:27: warning: 'ptr_fun<double, double>' is deprecated [-Wdeprecated-declarations]
Flavor: r-devel-linux-x86_64-fedora-clang

Version: 0.1.2
Check: installed package size
Result: NOTE
     installed size is 116.3Mb
     sub-directories of 1Mb or more:
     doc 4.1Mb
     libs 111.3Mb
Flavors: r-devel-linux-x86_64-fedora-clang, r-devel-windows-ix86+x86_64, r-patched-solaris-x86, r-release-windows-ix86+x86_64, r-release-osx-x86_64, r-oldrel-windows-ix86+x86_64, r-oldrel-osx-x86_64

Version: 0.1.2
Check: dependencies in R code
Result: NOTE
    Namespace in Imports field not imported from: ‘tidyr’
     All declared Imports should be used.
Flavors: r-devel-linux-x86_64-fedora-clang, r-devel-linux-x86_64-fedora-gcc, r-patched-solaris-x86, r-release-osx-x86_64, r-oldrel-osx-x86_64