CRAN Package Check Results for Package trialr

Last updated on 2020-09-26 17:48:40 CEST.

Flavor Version Tinstall Tcheck Ttotal Status Flags
r-devel-linux-x86_64-debian-clang 0.1.4 868.93 429.06 1297.99 NOTE
r-devel-linux-x86_64-debian-gcc 0.1.4 663.03 350.19 1013.22 NOTE
r-devel-linux-x86_64-fedora-clang 0.1.4 2011.19 NOTE
r-devel-linux-x86_64-fedora-gcc 0.1.4 1995.25 NOTE
r-devel-windows-ix86+x86_64 0.1.4 1774.00 907.00 2681.00 NOTE
r-patched-linux-x86_64 0.1.4 0.02 4.65 4.67 ERROR
r-patched-solaris-x86 0.1.4 1665.30 NOTE
r-release-linux-x86_64 0.1.4 759.41 457.80 1217.21 NOTE
r-release-macos-x86_64 0.1.4 NOTE
r-release-windows-ix86+x86_64 0.1.4 1950.00 917.00 2867.00 NOTE
r-oldrel-macos-x86_64 0.1.4 NOTE
r-oldrel-windows-ix86+x86_64 0.1.4 1860.00 837.00 2697.00 NOTE

Check Details

Version: 0.1.4
Check: for GNU extensions in Makefiles
Result: NOTE
    GNU make is a SystemRequirements.
Flavors: r-devel-linux-x86_64-debian-clang, r-devel-linux-x86_64-debian-gcc, r-devel-linux-x86_64-fedora-clang, r-devel-linux-x86_64-fedora-gcc, r-devel-windows-ix86+x86_64, r-patched-solaris-x86, r-release-linux-x86_64, r-release-macos-x86_64, r-release-windows-ix86+x86_64, r-oldrel-macos-x86_64, r-oldrel-windows-ix86+x86_64

Version: 0.1.4
Check: installed package size
Result: NOTE
     installed size is 141.2Mb
     sub-directories of 1Mb or more:
     doc 3.8Mb
     libs 136.4Mb
Flavors: r-devel-linux-x86_64-fedora-clang, r-devel-windows-ix86+x86_64, r-patched-solaris-x86, r-release-macos-x86_64, r-release-windows-ix86+x86_64, r-oldrel-macos-x86_64, r-oldrel-windows-ix86+x86_64

Version: 0.1.4
Check: dependencies in R code
Result: NOTE
    Namespace in Imports field not imported from: ‘tidyr’
     All declared Imports should be used.
Flavors: r-devel-linux-x86_64-fedora-clang, r-devel-linux-x86_64-fedora-gcc, r-patched-solaris-x86, r-release-macos-x86_64, r-oldrel-macos-x86_64

Version: 0.1.4
Check: whether package can be installed
Result: ERROR
    Installation failed.
Flavor: r-patched-linux-x86_64