CRAN Package Check Results for Package tripack

Last updated on 2019-07-18 08:50:54 CEST.

Flavor Version Tinstall Tcheck Ttotal Status Flags
r-devel-linux-x86_64-debian-clang 1.3-8 6.23 29.11 35.34 OK
r-devel-linux-x86_64-debian-gcc 1.3-8 5.34 23.56 28.90 OK
r-devel-linux-x86_64-fedora-clang 1.3-8 44.95 NOTE
r-devel-linux-x86_64-fedora-gcc 1.3-8 42.58 NOTE
r-devel-windows-ix86+x86_64 1.3-8 26.00 49.00 75.00 OK
r-patched-linux-x86_64 1.3-8 6.19 29.20 35.39 OK
r-patched-solaris-x86 1.3-8 62.40 OK
r-release-linux-x86_64 1.3-8 5.65 29.12 34.77 OK
r-release-windows-ix86+x86_64 1.3-8 22.00 67.00 89.00 OK
r-release-osx-x86_64 1.3-8 OK
r-oldrel-windows-ix86+x86_64 1.3-8 20.00 44.00 64.00 OK
r-oldrel-osx-x86_64 1.3-8 OK

Additional issues

LTO

Check Details

Version: 1.3-8
Check: compiled code
Result: NOTE
    File ‘tripack/libs/tripack.so’:
     Found no call to: ‘R_useDynamicSymbols’
    
    It is good practice to register native routines and to disable symbol
    search.
    
    See ‘Writing portable packages’ in the ‘Writing R Extensions’ manual.
Flavors: r-devel-linux-x86_64-fedora-clang, r-devel-linux-x86_64-fedora-gcc