CRAN Package Check Results for Package tripack

Last updated on 2020-02-18 07:50:06 CET.

Flavor Version Tinstall Tcheck Ttotal Status Flags
r-devel-linux-x86_64-debian-clang 1.3-8 6.68 31.52 38.20 OK
r-devel-linux-x86_64-debian-gcc 1.3-8 5.43 24.41 29.84 OK
r-devel-linux-x86_64-fedora-clang 1.3-8 49.20 NOTE
r-devel-linux-x86_64-fedora-gcc 1.3-8 46.14 NOTE
r-devel-windows-ix86+x86_64 1.3-8 21.00 90.00 111.00 OK
r-devel-windows-ix86+x86_64-gcc8 1.3-8 30.00 50.00 80.00 OK
r-patched-linux-x86_64 1.3-8 5.80 28.39 34.19 OK
r-patched-solaris-x86 1.3-8 58.50 OK
r-release-linux-x86_64 1.3-8 5.64 28.19 33.83 OK
r-release-windows-ix86+x86_64 1.3-8 22.00 67.00 89.00 OK
r-release-osx-x86_64 1.3-8 OK
r-oldrel-windows-ix86+x86_64 1.3-8 20.00 44.00 64.00 OK
r-oldrel-osx-x86_64 1.3-8 OK

Additional issues

LTO

Check Details

Version: 1.3-8
Check: compiled code
Result: NOTE
    File ‘tripack/libs/tripack.so’:
     Found no call to: ‘R_useDynamicSymbols’
    
    It is good practice to register native routines and to disable symbol
    search.
    
    See ‘Writing portable packages’ in the ‘Writing R Extensions’ manual.
Flavors: r-devel-linux-x86_64-fedora-clang, r-devel-linux-x86_64-fedora-gcc