CRAN Package Check Results for Package tripack

Last updated on 2019-05-25 22:51:24 CEST.

Flavor Version Tinstall Tcheck Ttotal Status Flags
r-devel-linux-x86_64-debian-clang 1.3-8 6.54 28.94 35.48 OK
r-devel-linux-x86_64-debian-gcc 1.3-8 4.84 23.79 28.63 OK
r-devel-linux-x86_64-fedora-clang 1.3-8 45.17 NOTE
r-devel-linux-x86_64-fedora-gcc 1.3-8 42.14 NOTE
r-devel-windows-ix86+x86_64 1.3-8 150.00 51.00 201.00 OK
r-patched-linux-x86_64 1.3-8 OK
r-patched-solaris-x86 1.3-8 61.30 OK
r-release-linux-x86_64 1.3-8 5.84 29.44 35.28 OK
r-release-windows-ix86+x86_64 1.3-8 30.00 47.00 77.00 OK
r-release-osx-x86_64 1.3-8 OK
r-oldrel-windows-ix86+x86_64 1.3-8 20.00 44.00 64.00 OK
r-oldrel-osx-x86_64 1.3-8 OK

Additional issues

LTO

Check Details

Version: 1.3-8
Check: compiled code
Result: NOTE
    File ‘tripack/libs/tripack.so’:
     Found no call to: ‘R_useDynamicSymbols’
    
    It is good practice to register native routines and to disable symbol
    search.
    
    See ‘Writing portable packages’ in the ‘Writing R Extensions’ manual.
Flavors: r-devel-linux-x86_64-fedora-clang, r-devel-linux-x86_64-fedora-gcc