CRAN Package Check Results for Package tripack

Last updated on 2019-03-19 22:47:44 CET.

Flavor Version Tinstall Tcheck Ttotal Status Flags
r-devel-linux-x86_64-debian-clang 1.3-8 6.17 29.09 35.26 OK
r-devel-linux-x86_64-debian-gcc 1.3-8 5.55 23.12 28.67 OK
r-devel-linux-x86_64-fedora-clang 1.3-8 43.73 NOTE
r-devel-linux-x86_64-fedora-gcc 1.3-8 43.49 NOTE
r-devel-windows-ix86+x86_64 1.3-8 33.00 66.00 99.00 OK
r-patched-linux-x86_64 1.3-8 5.39 25.89 31.28 OK
r-patched-solaris-x86 1.3-8 54.00 OK
r-release-linux-x86_64 1.3-8 5.17 26.38 31.55 OK
r-release-windows-ix86+x86_64 1.3-8 20.00 44.00 64.00 OK
r-release-osx-x86_64 1.3-8 OK
r-oldrel-windows-ix86+x86_64 1.3-8 20.00 60.00 80.00 OK
r-oldrel-osx-x86_64 1.3-8 OK

Check Details

Version: 1.3-8
Check: compiled code
Result: NOTE
    File ‘tripack/libs/tripack.so’:
     Found no call to: ‘R_useDynamicSymbols’
    
    It is good practice to register native routines and to disable symbol
    search.
    
    See ‘Writing portable packages’ in the ‘Writing R Extensions’ manual.
Flavors: r-devel-linux-x86_64-fedora-clang, r-devel-linux-x86_64-fedora-gcc