CRAN Package Check Results for Package troopdata

Last updated on 2024-05-29 22:57:05 CEST.

Flavor Version Tinstall Tcheck Ttotal Status Flags
r-devel-linux-x86_64-debian-clang 0.1.5 2.43 31.34 33.77 OK
r-devel-linux-x86_64-debian-gcc 0.1.5 2.19 24.33 26.52 OK
r-devel-linux-x86_64-fedora-clang 0.1.5 43.38 NOTE
r-devel-linux-x86_64-fedora-gcc 0.1.5 41.15 NOTE
r-devel-windows-x86_64 0.1.5 5.00 47.00 52.00 OK
r-patched-linux-x86_64 0.1.5 3.02 30.82 33.84 OK
r-release-linux-x86_64 0.1.5 2.52 30.06 32.58 OK
r-release-macos-arm64 0.1.5 20.00 OK
r-release-windows-x86_64 0.1.5 4.00 45.00 49.00 OK
r-oldrel-macos-arm64 0.1.5 37.00 OK
r-oldrel-macos-x86_64 0.1.5 25.00 OK
r-oldrel-windows-x86_64 0.1.5 6.00 51.00 57.00 OK

Check Details

Version: 0.1.5
Check: dependencies in R code
Result: NOTE Namespace in Imports field not imported from: ‘tibble’ All declared Imports should be used. Flavors: r-devel-linux-x86_64-fedora-clang, r-devel-linux-x86_64-fedora-gcc

Version: 0.1.5
Check: data for non-ASCII characters
Result: NOTE Note: found 1 marked UTF-8 string Flavors: r-devel-linux-x86_64-fedora-clang, r-devel-linux-x86_64-fedora-gcc