CRAN Package Check Results for Package tropAlgebra

Last updated on 2022-08-15 20:52:19 CEST.

Flavor Version Tinstall Tcheck Ttotal Status Flags
r-devel-linux-x86_64-debian-clang 0.1.1 1.97 22.44 24.41 NOTE
r-devel-linux-x86_64-debian-gcc 0.1.1 1.72 17.56 19.28 NOTE
r-devel-linux-x86_64-fedora-clang 0.1.1 40.98 NOTE
r-devel-linux-x86_64-fedora-gcc 0.1.1 41.45 NOTE
r-devel-windows-x86_64 0.1.1 30.00 44.00 74.00 NOTE
r-patched-linux-x86_64 0.1.1 2.62 21.62 24.24 NOTE
r-release-linux-x86_64 0.1.1 1.93 21.33 23.26 NOTE
r-release-macos-arm64 0.1.1 14.00 NOTE
r-release-macos-x86_64 0.1.1 19.00 NOTE
r-release-windows-x86_64 0.1.1 8.00 42.00 50.00 NOTE
r-oldrel-macos-arm64 0.1.1 18.00 NOTE
r-oldrel-macos-x86_64 0.1.1 26.00 NOTE
r-oldrel-windows-ix86+x86_64 0.1.1 5.00 26.00 31.00 NOTE

Check Details

Version: 0.1.1
Check: LazyData
Result: NOTE
     'LazyData' is specified without a 'data' directory
Flavors: r-devel-linux-x86_64-debian-clang, r-devel-linux-x86_64-debian-gcc, r-devel-linux-x86_64-fedora-clang, r-devel-linux-x86_64-fedora-gcc, r-devel-windows-x86_64, r-patched-linux-x86_64, r-release-linux-x86_64, r-release-macos-arm64, r-release-macos-x86_64, r-release-windows-x86_64, r-oldrel-macos-arm64, r-oldrel-macos-x86_64, r-oldrel-windows-ix86+x86_64