CRAN Package Check Results for Package tropicalSparse

Last updated on 2021-04-17 17:47:59 CEST.

Flavor Version Tinstall Tcheck Ttotal Status Flags
r-devel-linux-x86_64-debian-clang 0.1.0 4.17 32.01 36.18 NOTE
r-devel-linux-x86_64-debian-gcc 0.1.0 3.37 24.12 27.49 NOTE
r-devel-linux-x86_64-fedora-clang 0.1.0 52.22 NOTE
r-devel-linux-x86_64-fedora-gcc 0.1.0 42.75 NOTE
r-devel-windows-ix86+x86_64 0.1.0 9.00 36.00 45.00 NOTE
r-devel-windows-x86_64-gcc10-UCRT 0.1.0 NOTE
r-patched-linux-x86_64 0.1.0 4.14 29.72 33.86 OK
r-patched-solaris-x86 0.1.0 59.00 OK
r-release-linux-x86_64 0.1.0 4.03 29.21 33.24 OK
r-release-macos-x86_64 0.1.0 OK
r-release-windows-ix86+x86_64 0.1.0 7.00 35.00 42.00 OK
r-oldrel-macos-x86_64 0.1.0 OK
r-oldrel-windows-ix86+x86_64 0.1.0 7.00 44.00 51.00 OK

Check Details

Version: 0.1.0
Check: LazyData
Result: NOTE
     'LazyData' is specified without a 'data' directory
Flavors: r-devel-linux-x86_64-debian-clang, r-devel-linux-x86_64-debian-gcc, r-devel-linux-x86_64-fedora-clang, r-devel-linux-x86_64-fedora-gcc, r-devel-windows-ix86+x86_64, r-devel-windows-x86_64-gcc10-UCRT