CRAN Package Check Results for Package tropicalSparse

Last updated on 2021-08-04 22:55:38 CEST.

Flavor Version Tinstall Tcheck Ttotal Status Flags
r-devel-linux-x86_64-debian-clang 0.1.0 4.32 32.41 36.73 NOTE
r-devel-linux-x86_64-debian-gcc 0.1.0 3.68 25.01 28.69 NOTE
r-devel-linux-x86_64-fedora-clang 0.1.0 52.38 NOTE
r-devel-linux-x86_64-fedora-gcc 0.1.0 41.95 NOTE
r-devel-windows-x86_64 0.1.0 8.00 41.00 49.00 NOTE
r-devel-windows-x86_64-gcc10-UCRT 0.1.0 NOTE
r-patched-linux-x86_64 0.1.0 4.64 30.52 35.16 NOTE
r-patched-solaris-x86 0.1.0 60.30 NOTE
r-release-linux-x86_64 0.1.0 4.71 30.81 35.52 NOTE
r-release-macos-arm64 0.1.0 NOTE
r-release-macos-x86_64 0.1.0 NOTE
r-release-windows-ix86+x86_64 0.1.0 7.00 35.00 42.00 NOTE
r-oldrel-macos-x86_64 0.1.0 OK
r-oldrel-windows-ix86+x86_64 0.1.0 7.00 35.00 42.00 OK

Check Details

Version: 0.1.0
Check: LazyData
Result: NOTE
     'LazyData' is specified without a 'data' directory
Flavors: r-devel-linux-x86_64-debian-clang, r-devel-linux-x86_64-debian-gcc, r-devel-linux-x86_64-fedora-clang, r-devel-linux-x86_64-fedora-gcc, r-devel-windows-x86_64, r-devel-windows-x86_64-gcc10-UCRT, r-patched-linux-x86_64, r-patched-solaris-x86, r-release-linux-x86_64, r-release-macos-arm64, r-release-macos-x86_64, r-release-windows-ix86+x86_64