Last updated on 2023-03-23 11:59:56 CET.
Flavor | Version | Tinstall | Tcheck | Ttotal | Status | Flags |
---|---|---|---|---|---|---|
r-devel-linux-x86_64-debian-clang | 0.2.0 | 2.50 | 27.54 | 30.04 | NOTE | |
r-devel-linux-x86_64-debian-gcc | 0.2.0 | 1.82 | 21.37 | 23.19 | NOTE | |
r-devel-linux-x86_64-fedora-clang | 0.2.0 | 37.76 | NOTE | |||
r-devel-linux-x86_64-fedora-gcc | 0.2.0 | 35.18 | NOTE | |||
r-patched-linux-x86_64 | 0.2.0 | 2.58 | 26.77 | 29.35 | NOTE | |
r-release-linux-x86_64 | 0.2.0 | 2.06 | 27.18 | 29.24 | NOTE | |
r-release-macos-arm64 | 0.2.0 | 17.00 | NOTE | |||
r-release-macos-x86_64 | 0.2.0 | 27.00 | NOTE | |||
r-release-windows-x86_64 | 0.2.0 | 18.00 | 85.00 | 103.00 | NOTE | |
r-oldrel-macos-arm64 | 0.2.0 | 20.00 | NOTE | |||
r-oldrel-macos-x86_64 | 0.2.0 | 29.00 | NOTE | |||
r-oldrel-windows-ix86+x86_64 | 0.2.0 | 6.00 | 53.00 | 59.00 | NOTE |
Version: 0.2.0
Check: LazyData
Result: NOTE
'LazyData' is specified without a 'data' directory
Flavors: r-devel-linux-x86_64-debian-clang, r-devel-linux-x86_64-debian-gcc, r-devel-linux-x86_64-fedora-clang, r-devel-linux-x86_64-fedora-gcc, r-patched-linux-x86_64, r-release-linux-x86_64, r-release-macos-arm64, r-release-macos-x86_64, r-release-windows-x86_64, r-oldrel-macos-arm64, r-oldrel-macos-x86_64, r-oldrel-windows-ix86+x86_64