CRAN Package Check Results for Package truncSP

Last updated on 2021-11-30 02:51:16 CET.

Flavor Version Tinstall Tcheck Ttotal Status Flags
r-devel-linux-x86_64-debian-clang 1.2.2 5.28 44.00 49.28 NOTE
r-devel-linux-x86_64-debian-gcc 1.2.2 2.94 34.23 37.17 NOTE
r-devel-linux-x86_64-fedora-clang 1.2.2 72.95 NOTE
r-devel-linux-x86_64-fedora-gcc 1.2.2 61.11 NOTE
r-devel-windows-x86_64-new-UL 1.2.2 11.00 84.00 95.00 NOTE
r-devel-windows-x86_64-new-TK 1.2.2 NOTE
r-devel-windows-x86_64-old 1.2.2 7.00 53.00 60.00 NOTE
r-patched-linux-x86_64 1.2.2 5.11 42.26 47.37 NOTE
r-patched-solaris-x86 1.2.2 94.20 NOTE
r-release-linux-x86_64 1.2.2 4.05 41.99 46.04 NOTE
r-release-macos-arm64 1.2.2 NOTE
r-release-macos-x86_64 1.2.2 NOTE
r-release-windows-ix86+x86_64 1.2.2 9.00 52.00 61.00 NOTE
r-oldrel-macos-x86_64 1.2.2 NOTE
r-oldrel-windows-ix86+x86_64 1.2.2 6.00 64.00 70.00 NOTE

Check Details

Version: 1.2.2
Check: DESCRIPTION meta-information
Result: NOTE
    Malformed Description field: should contain one or more complete sentences.
Flavors: r-devel-linux-x86_64-debian-clang, r-devel-linux-x86_64-debian-gcc, r-devel-linux-x86_64-fedora-clang, r-devel-linux-x86_64-fedora-gcc, r-devel-windows-x86_64-new-UL, r-devel-windows-x86_64-new-TK, r-devel-windows-x86_64-old, r-patched-linux-x86_64, r-patched-solaris-x86, r-release-linux-x86_64, r-release-macos-arm64, r-release-macos-x86_64, r-release-windows-ix86+x86_64, r-oldrel-macos-x86_64, r-oldrel-windows-ix86+x86_64