CRAN Package Check Results for Package truncSP

Last updated on 2020-08-14 02:47:26 CEST.

Flavor Version Tinstall Tcheck Ttotal Status Flags
r-devel-linux-x86_64-debian-clang 1.2.2 5.05 41.05 46.10 NOTE
r-devel-linux-x86_64-debian-gcc 1.2.2 3.85 32.28 36.13 NOTE
r-devel-linux-x86_64-fedora-clang 1.2.2 62.92 NOTE
r-devel-linux-x86_64-fedora-gcc 1.2.2 54.45 NOTE
r-devel-windows-ix86+x86_64 1.2.2 17.00 76.00 93.00 NOTE
r-patched-linux-x86_64 1.2.2 3.66 41.05 44.71 NOTE
r-patched-solaris-x86 1.2.2 91.40 NOTE
r-release-linux-x86_64 1.2.2 5.03 40.83 45.86 NOTE
r-release-macos-x86_64 1.2.2 NOTE
r-release-windows-ix86+x86_64 1.2.2 13.00 55.00 68.00 NOTE
r-oldrel-macos-x86_64 1.2.2 NOTE
r-oldrel-windows-ix86+x86_64 1.2.2 8.00 67.00 75.00 NOTE

Check Details

Version: 1.2.2
Check: DESCRIPTION meta-information
Result: NOTE
    Malformed Description field: should contain one or more complete sentences.
Flavors: r-devel-linux-x86_64-debian-clang, r-devel-linux-x86_64-debian-gcc, r-devel-linux-x86_64-fedora-clang, r-devel-linux-x86_64-fedora-gcc, r-devel-windows-ix86+x86_64, r-patched-linux-x86_64, r-patched-solaris-x86, r-release-linux-x86_64, r-release-macos-x86_64, r-release-windows-ix86+x86_64, r-oldrel-macos-x86_64, r-oldrel-windows-ix86+x86_64