CRAN Package Check Results for Package trustedtimestamping

Last updated on 2021-06-15 10:50:07 CEST.

Flavor Version Tinstall Tcheck Ttotal Status Flags
r-devel-linux-x86_64-debian-clang 0.2.6 1.98 24.18 26.16 NOTE
r-devel-linux-x86_64-debian-gcc 0.2.6 1.73 19.22 20.95 NOTE
r-devel-linux-x86_64-fedora-clang 0.2.6 41.02 NOTE
r-devel-linux-x86_64-fedora-gcc 0.2.6 30.65 NOTE
r-devel-windows-x86_64 0.2.6 4.00 38.00 42.00 NOTE
r-devel-windows-x86_64-gcc10-UCRT 0.2.6 NOTE
r-patched-linux-x86_64 0.2.6 1.76 23.39 25.15 NOTE
r-patched-solaris-x86 0.2.6 50.50 NOTE
r-release-linux-x86_64 0.2.6 2.26 23.65 25.91 NOTE
r-release-macos-arm64 0.2.6 NOTE
r-release-macos-x86_64 0.2.6 NOTE
r-release-windows-ix86+x86_64 0.2.6 5.00 34.00 39.00 NOTE
r-oldrel-macos-x86_64 0.2.6 OK
r-oldrel-windows-ix86+x86_64 0.2.6 22.00 41.00 63.00 OK

Check Details

Version: 0.2.6
Check: LazyData
Result: NOTE
     'LazyData' is specified without a 'data' directory
Flavors: r-devel-linux-x86_64-debian-clang, r-devel-linux-x86_64-debian-gcc, r-devel-linux-x86_64-fedora-clang, r-devel-linux-x86_64-fedora-gcc, r-devel-windows-x86_64, r-devel-windows-x86_64-gcc10-UCRT, r-patched-linux-x86_64, r-patched-solaris-x86, r-release-linux-x86_64, r-release-macos-arm64, r-release-macos-x86_64, r-release-windows-ix86+x86_64