CRAN Package Check Results for Package trustedtimestamping

Last updated on 2022-05-25 23:54:01 CEST.

Flavor Version Tinstall Tcheck Ttotal Status Flags
r-devel-linux-x86_64-debian-clang 0.2.6 2.45 33.08 35.53 NOTE
r-devel-linux-x86_64-debian-gcc 0.2.6 1.75 26.03 27.78 NOTE
r-devel-linux-x86_64-fedora-clang 0.2.6 43.15 NOTE
r-devel-linux-x86_64-fedora-gcc 0.2.6 32.15 NOTE
r-devel-windows-x86_64 0.2.6 47.00 52.00 99.00 NOTE
r-patched-linux-x86_64 0.2.6 2.74 32.44 35.18 NOTE
r-release-linux-x86_64 0.2.6 NOTE
r-release-macos-arm64 0.2.6 16.00 NOTE
r-release-macos-x86_64 0.2.6 21.00 NOTE
r-release-windows-x86_64 0.2.6 51.00 49.00 100.00 NOTE
r-oldrel-macos-arm64 0.2.6 20.00 NOTE
r-oldrel-macos-x86_64 0.2.6 26.00 NOTE
r-oldrel-windows-ix86+x86_64 0.2.6 7.00 42.00 49.00 NOTE

Check Details

Version: 0.2.6
Check: LazyData
Result: NOTE
     'LazyData' is specified without a 'data' directory
Flavors: r-devel-linux-x86_64-debian-clang, r-devel-linux-x86_64-debian-gcc, r-devel-linux-x86_64-fedora-clang, r-devel-linux-x86_64-fedora-gcc, r-devel-windows-x86_64, r-patched-linux-x86_64, r-release-linux-x86_64, r-release-macos-arm64, r-release-macos-x86_64, r-release-windows-x86_64, r-oldrel-macos-arm64, r-oldrel-macos-x86_64, r-oldrel-windows-ix86+x86_64