CRAN Package Check Results for Package tryCatchLog

Last updated on 2024-02-26 18:50:16 CET.

Flavor Version Tinstall Tcheck Ttotal Status Flags
r-devel-linux-x86_64-debian-clang 1.3.1 2.22 38.92 41.14 NOTE
r-devel-linux-x86_64-debian-gcc 1.3.1 2.00 30.99 32.99 NOTE
r-devel-linux-x86_64-fedora-clang 1.3.1 53.45 NOTE
r-devel-linux-x86_64-fedora-gcc 1.3.1 75.25 NOTE
r-devel-windows-x86_64 1.3.1 3.00 57.00 60.00 NOTE
r-patched-linux-x86_64 1.3.1 2.37 38.91 41.28 NOTE
r-release-linux-x86_64 1.3.1 2.57 38.47 41.04 NOTE
r-release-macos-arm64 1.3.1 34.00 NOTE
r-release-macos-x86_64 1.3.1 50.00 NOTE
r-release-windows-x86_64 1.3.1 4.00 58.00 62.00 NOTE
r-oldrel-macos-arm64 1.3.1 31.00 OK
r-oldrel-windows-x86_64 1.3.1 4.00 60.00 64.00 OK

Check Details

Version: 1.3.1
Check: dependencies in R code
Result: NOTE There are ::: calls to the package's namespace in its code. A package almost never needs to use ::: for its own objects: ‘log2console’ Flavors: r-devel-linux-x86_64-debian-clang, r-devel-linux-x86_64-debian-gcc, r-devel-linux-x86_64-fedora-clang, r-devel-linux-x86_64-fedora-gcc, r-devel-windows-x86_64, r-patched-linux-x86_64, r-release-linux-x86_64, r-release-macos-arm64, r-release-macos-x86_64, r-release-windows-x86_64