CRAN Package Check Results for Package tsDyn

Last updated on 2020-06-01 04:47:13 CEST.

Flavor Version Tinstall Tcheck Ttotal Status Flags
r-devel-linux-x86_64-debian-clang 10-1.2 24.46 178.66 203.12 OK
r-devel-linux-x86_64-debian-gcc 10-1.2 19.74 132.14 151.88 OK
r-devel-linux-x86_64-fedora-clang 10-1.2 247.87 OK
r-devel-linux-x86_64-fedora-gcc 10-1.2 234.03 OK
r-devel-windows-ix86+x86_64 10-1.2 58.00 300.00 358.00 OK
r-patched-linux-x86_64 10-1.2 22.12 174.63 196.75 OK
r-patched-solaris-x86 10-1.2 344.30 OK
r-release-linux-x86_64 10-1.2 20.91 174.17 195.08 OK
r-release-osx-x86_64 10-1.2 OK
r-release-windows-ix86+x86_64 10-1.2 41.00 352.00 393.00 OK
r-oldrel-osx-x86_64 10-1.2 NOTE
r-oldrel-windows-ix86+x86_64 10-1.2 43.00 248.00 291.00 OK

Check Details

Version: 10-1.2
Check: dependencies in R code
Result: NOTE
    No protocol specified
    No protocol specified
    No protocol specified
Flavor: r-oldrel-osx-x86_64