Last updated on 2023-03-28 13:50:20 CEST.
Flavor | Version | Tinstall | Tcheck | Ttotal | Status | Flags |
---|---|---|---|---|---|---|
r-devel-linux-x86_64-debian-clang | 0.1.8 | 7.02 | 75.64 | 82.66 | OK | |
r-devel-linux-x86_64-debian-gcc | 0.1.8 | 6.05 | 54.60 | 60.65 | OK | |
r-devel-linux-x86_64-fedora-clang | 0.1.8 | 99.37 | OK | |||
r-devel-linux-x86_64-fedora-gcc | 0.1.8 | 94.66 | OK | |||
r-patched-linux-x86_64 | 0.1.8 | 7.08 | 68.96 | 76.04 | OK | |
r-release-linux-x86_64 | 0.1.8 | 5.88 | 69.79 | 75.67 | OK | |
r-release-macos-arm64 | 0.1.8 | 31.00 | OK | |||
r-release-macos-x86_64 | 0.1.8 | 59.00 | OK | |||
r-release-windows-x86_64 | 0.1.8 | 18.00 | 99.00 | 117.00 | OK | |
r-oldrel-macos-arm64 | 0.1.8 | 35.00 | OK | |||
r-oldrel-macos-x86_64 | 0.1.8 | 44.00 | OK | |||
r-oldrel-windows-ix86+x86_64 | 0.1.8 | 18.00 | 95.00 | 113.00 | NOTE |
Version: 0.1.8
Check: R code for possible problems
Result: NOTE
Initiating curl with CURL_SSL_BACKEND: openssl
Flavor: r-oldrel-windows-ix86+x86_64