CRAN Package Check Results for Package tsdb

Last updated on 2020-07-13 13:49:05 CEST.

Flavor Version Tinstall Tcheck Ttotal Status Flags
r-devel-linux-x86_64-debian-clang 0.7-1 2.33 23.70 26.03 OK
r-devel-linux-x86_64-debian-gcc 0.7-1 2.18 18.79 20.97 OK
r-devel-linux-x86_64-fedora-clang 0.7-1 41.29 OK
r-devel-linux-x86_64-fedora-gcc 0.7-1 33.32 OK
r-devel-windows-ix86+x86_64 0.7-1 6.00 46.00 52.00 OK
r-patched-linux-x86_64 0.7-1 2.55 23.80 26.35 OK
r-patched-solaris-x86 0.7-1 50.40 OK
r-release-linux-x86_64 0.7-1 2.53 23.40 25.93 OK
r-release-macos-x86_64 0.7-1 ERROR
r-release-windows-ix86+x86_64 0.7-1 8.00 35.00 43.00 OK
r-oldrel-macos-x86_64 0.7-1 OK
r-oldrel-windows-ix86+x86_64 0.7-1 7.00 47.00 54.00 OK

Check Details

Version: 0.7-1
Check: whether package can be installed
Result: ERROR
    Installation failed.
Flavor: r-release-macos-x86_64