CRAN Package Check Results for Package tsdf

Last updated on 2021-06-18 18:50:41 CEST.

Flavor Version Tinstall Tcheck Ttotal Status Flags
r-devel-linux-x86_64-debian-clang 1.1-8 3.50 37.91 41.41 NOTE
r-devel-linux-x86_64-debian-gcc 1.1-8 2.85 27.99 30.84 NOTE
r-devel-linux-x86_64-fedora-clang 1.1-8 58.34 NOTE
r-devel-linux-x86_64-fedora-gcc 1.1-8 51.56 NOTE
r-devel-windows-x86_64 1.1-8 6.00 42.00 48.00 NOTE
r-devel-windows-x86_64-gcc10-UCRT 1.1-8 NOTE
r-patched-linux-x86_64 1.1-8 2.97 36.04 39.01 NOTE
r-patched-solaris-x86 1.1-8 67.40 NOTE
r-release-linux-x86_64 1.1-8 2.82 36.22 39.04 NOTE
r-release-macos-arm64 1.1-8 NOTE
r-release-macos-x86_64 1.1-8 NOTE
r-release-windows-ix86+x86_64 1.1-8 7.00 56.00 63.00 NOTE
r-oldrel-macos-x86_64 1.1-8 OK
r-oldrel-windows-ix86+x86_64 1.1-8 6.00 55.00 61.00 OK

Check Details

Version: 1.1-8
Check: LazyData
Result: NOTE
     'LazyData' is specified without a 'data' directory
Flavors: r-devel-linux-x86_64-debian-clang, r-devel-linux-x86_64-debian-gcc, r-devel-linux-x86_64-fedora-clang, r-devel-linux-x86_64-fedora-gcc, r-devel-windows-x86_64, r-devel-windows-x86_64-gcc10-UCRT, r-patched-linux-x86_64, r-patched-solaris-x86, r-release-linux-x86_64, r-release-macos-arm64, r-release-macos-x86_64, r-release-windows-ix86+x86_64