CRAN Package Check Results for Package tsfa

Last updated on 2020-04-02 11:48:24 CEST.

Flavor Version Tinstall Tcheck Ttotal Status Flags
r-devel-linux-x86_64-debian-clang 2014.10-1 3.84 44.40 48.24 NOTE
r-devel-linux-x86_64-debian-gcc 2014.10-1 3.28 34.40 37.68 NOTE
r-devel-linux-x86_64-fedora-clang 2014.10-1 58.01 NOTE
r-devel-linux-x86_64-fedora-gcc 2014.10-1 57.08 NOTE
r-devel-windows-ix86+x86_64 2014.10-1 8.00 56.00 64.00 NOTE
r-devel-windows-ix86+x86_64-gcc8 2014.10-1 8.00 57.00 65.00 NOTE
r-patched-linux-x86_64 2014.10-1 3.76 43.15 46.91 NOTE
r-patched-solaris-x86 2014.10-1 83.30 NOTE
r-release-linux-x86_64 2014.10-1 2.77 39.84 42.61 NOTE
r-release-windows-ix86+x86_64 2014.10-1 7.00 76.00 83.00 NOTE
r-release-osx-x86_64 2014.10-1 NOTE
r-oldrel-windows-ix86+x86_64 2014.10-1 8.00 54.00 62.00 NOTE
r-oldrel-osx-x86_64 2014.10-1 NOTE

Check Details

Version: 2014.10-1
Check: R code for possible problems
Result: NOTE
    DstandardizedLoadings.TSFmodel: no visible global function definition
     for 'cov'
    FAfitStats.TSFmodel: no visible global function definition for 'cov'
    FAfitStats.default: no visible global function definition for 'cor'
    FAfitStats.default: no visible global function definition for
     'factanal'
    FAfitStats.default: no visible global function definition for 'pchisq'
    FAmodelFitStats: no visible global function definition for 'pchisq'
    checkResiduals.TSFmodel: no visible global function definition for
     'cov'
    distribution.factorsEstEval: no visible global function definition for
     'par'
    distribution.factorsEstEval: no visible binding for global variable
     'par'
    distribution.factorsEstEval: no visible global function definition for
     'density'
    distribution.factorsEstEval: no visible global function definition for
     'matplot'
    distribution.factorsEstEval: no visible global function definition for
     'title'
    summary.TSFmodel: no visible global function definition for 'start'
    summary.TSFmodel: no visible global function definition for 'end'
    Undefined global functions or variables:
     cor cov density end factanal matplot par pchisq start title
    Consider adding
     importFrom("graphics", "matplot", "par", "title")
     importFrom("stats", "cor", "cov", "density", "end", "factanal",
     "pchisq", "start")
    to your NAMESPACE file.
Flavors: r-devel-linux-x86_64-debian-clang, r-devel-linux-x86_64-debian-gcc, r-devel-linux-x86_64-fedora-clang, r-devel-linux-x86_64-fedora-gcc, r-devel-windows-ix86+x86_64, r-devel-windows-ix86+x86_64-gcc8, r-patched-linux-x86_64, r-patched-solaris-x86, r-release-linux-x86_64, r-release-windows-ix86+x86_64, r-release-osx-x86_64, r-oldrel-windows-ix86+x86_64, r-oldrel-osx-x86_64