Last updated on 2023-03-23 21:50:26 CET.
Flavor | Version | Tinstall | Tcheck | Ttotal | Status | Flags |
---|---|---|---|---|---|---|
r-devel-linux-x86_64-debian-clang | 1.1.3 | 12.13 | 176.87 | 189.00 | NOTE | |
r-devel-linux-x86_64-debian-gcc | 1.1.3 | 10.95 | 133.45 | 144.40 | NOTE | |
r-devel-linux-x86_64-fedora-clang | 1.1.3 | 243.49 | NOTE | |||
r-devel-linux-x86_64-fedora-gcc | 1.1.3 | 229.68 | NOTE | |||
r-patched-linux-x86_64 | 1.1.3 | 15.58 | 163.71 | 179.29 | OK | |
r-release-linux-x86_64 | 1.1.3 | 12.88 | 156.28 | 169.16 | OK | |
r-release-macos-arm64 | 1.1.3 | 74.00 | OK | |||
r-release-macos-x86_64 | 1.1.3 | 84.00 | OK | |||
r-release-windows-x86_64 | 1.1.3 | 153.00 | 373.00 | 526.00 | OK | |
r-oldrel-macos-arm64 | 1.1.3 | 74.00 | OK | |||
r-oldrel-macos-x86_64 | 1.1.3 | 88.00 | OK | |||
r-oldrel-windows-ix86+x86_64 | 1.1.3 | 29.00 | 208.00 | 237.00 | OK |
Version: 1.1.3
Check: Rd \usage sections
Result: NOTE
S3 methods shown with full name in documentation object ‘tsibble-vctrs’:
‘vec_ptype2.tbl_ts’ ‘vec_cast.tbl_ts’ ‘vec_cast.yearmonth’
‘vec_ptype2.yearmonth’ ‘vec_cast.yearquarter’
‘vec_ptype2.yearquarter’ ‘vec_cast.yearweek’ ‘vec_ptype2.yearweek’
The \usage entries for S3 methods should use the \method markup and not
their full name.
See chapter ‘Writing R documentation files’ in the ‘Writing R
Extensions’ manual.
Flavors: r-devel-linux-x86_64-debian-clang, r-devel-linux-x86_64-debian-gcc, r-devel-linux-x86_64-fedora-clang, r-devel-linux-x86_64-fedora-gcc