CRAN Package Check Results for Package tsibble

Last updated on 2020-02-19 04:50:17 CET.

Flavor Version Tinstall Tcheck Ttotal Status Flags
r-devel-linux-x86_64-debian-clang 0.8.6 13.47 154.61 168.08 OK
r-devel-linux-x86_64-debian-gcc 0.8.6 9.66 116.02 125.68 OK
r-devel-linux-x86_64-fedora-clang 0.8.6 203.26 OK
r-devel-linux-x86_64-fedora-gcc 0.8.6 192.70 OK
r-devel-windows-ix86+x86_64 0.8.6 24.00 238.00 262.00 OK
r-devel-windows-ix86+x86_64-gcc8 0.8.5 25.00 166.00 191.00 ERROR
r-patched-linux-x86_64 0.8.6 11.35 132.22 143.57 OK
r-patched-solaris-x86 0.8.6 241.90 OK
r-release-linux-x86_64 0.8.6 10.50 133.14 143.64 OK
r-release-windows-ix86+x86_64 0.8.6 18.00 161.00 179.00 OK
r-release-osx-x86_64 0.8.6 OK
r-oldrel-windows-ix86+x86_64 0.8.6 15.00 147.00 162.00 OK
r-oldrel-osx-x86_64 0.8.6 OK

Check Details

Version: 0.8.5
Check: tests
Result: ERROR
     Running 'spelling.R' [0s]
     Running 'testthat.R' [29s]
    Running the tests in 'tests/testthat.R' failed.
    Complete output:
     > library(rlang)
     > library(tibble)
     > library(lubridate)
    
     Attaching package: 'lubridate'
    
     The following object is masked from 'package:base':
    
     date
    
     > library(testthat)
    
     Attaching package: 'testthat'
    
     The following objects are masked from 'package:rlang':
    
     is_false, is_null, is_true
    
     > library(tsibble)
    
     Attaching package: 'tsibble'
    
     The following objects are masked from 'package:lubridate':
    
     interval, new_interval
    
     >
     > set.seed(2018)
     > test_check("tsibble")
     -- 1. Failure: a tbl_ts of 4 day interval with bad names (@test-gaps.R#74) ----
     `fill_gaps(tsbl, value1 = value)` threw an error with unexpected message.
     Expected match: "Unknown column"
     Actual message: "Can't subset columns that don't exist.\nx The column `value1` doesn't exist."
     Backtrace:
     1. testthat::expect_error(fill_gaps(tsbl, value1 = value), "Unknown column")
     26. vctrs:::stop_subscript_oob(...)
     27. vctrs:::stop_subscript(...)
    
     == testthat results ===========================================================
     [ OK: 789 | SKIPPED: 2 | WARNINGS: 1 | FAILED: 1 ]
     1. Failure: a tbl_ts of 4 day interval with bad names (@test-gaps.R#74)
    
     Error: testthat unit tests failed
     Execution halted
Flavor: r-devel-windows-ix86+x86_64-gcc8