CRAN Package Check Results for Package tsibble

Last updated on 2023-09-26 18:07:14 CEST.

Flavor Version Tinstall Tcheck Ttotal Status Flags
r-devel-linux-x86_64-debian-clang 1.1.3 13.07 175.52 188.59 NOTE
r-devel-linux-x86_64-debian-gcc 1.1.3 10.71 130.18 140.89 NOTE
r-devel-linux-x86_64-fedora-clang 1.1.3 226.30 NOTE
r-devel-linux-x86_64-fedora-gcc 1.1.3 232.58 NOTE
r-devel-windows-x86_64 1.1.3 14.00 151.00 165.00 NOTE
r-patched-linux-x86_64 1.1.3 13.33 167.22 180.55 NOTE
r-release-linux-x86_64 1.1.3 14.99 168.29 183.28 NOTE
r-release-macos-arm64 1.1.3 75.00 NOTE
r-release-macos-x86_64 1.1.3 121.00 NOTE
r-release-windows-x86_64 1.1.3 17.00 191.00 208.00 NOTE
r-oldrel-macos-arm64 1.1.3 74.00 OK
r-oldrel-macos-x86_64 1.1.3 84.00 OK
r-oldrel-windows-x86_64 1.1.3 20.00 182.00 202.00 OK

Check Details

Version: 1.1.3
Check: Rd \usage sections
Result: NOTE
    S3 methods shown with full name in documentation object 'tsibble-vctrs':
     ‘vec_ptype2.tbl_ts’ ‘vec_cast.tbl_ts’ ‘vec_cast.yearmonth’
     ‘vec_ptype2.yearmonth’ ‘vec_cast.yearquarter’
     ‘vec_ptype2.yearquarter’ ‘vec_cast.yearweek’ ‘vec_ptype2.yearweek’
    
    The \usage entries for S3 methods should use the \method markup and not
    their full name.
    See chapter ‘Writing R documentation files’ in the ‘Writing R
    Extensions’ manual.
Flavors: r-devel-linux-x86_64-debian-clang, r-devel-linux-x86_64-debian-gcc, r-devel-linux-x86_64-fedora-clang, r-devel-linux-x86_64-fedora-gcc, r-devel-windows-x86_64, r-patched-linux-x86_64, r-release-linux-x86_64, r-release-macos-arm64, r-release-macos-x86_64, r-release-windows-x86_64