CRAN Package Check Results for Package tsibbledata

Last updated on 2021-01-26 03:50:13 CET.

Flavor Version Tinstall Tcheck Ttotal Status Flags
r-devel-linux-x86_64-debian-clang 0.2.0 4.36 27.01 31.37 OK
r-devel-linux-x86_64-debian-gcc 0.2.0 4.19 21.89 26.08 OK
r-devel-linux-x86_64-fedora-clang 0.2.0 47.28 NOTE
r-devel-linux-x86_64-fedora-gcc 0.2.0 37.33 NOTE
r-devel-windows-ix86+x86_64 0.2.0 11.00 44.00 55.00 OK
r-patched-linux-x86_64 0.2.0 4.97 26.36 31.33 OK
r-patched-solaris-x86 0.2.0 59.20 NOTE
r-release-linux-x86_64 0.2.0 4.42 26.42 30.84 OK
r-release-macos-x86_64 0.2.0 NOTE
r-release-windows-ix86+x86_64 0.2.0 10.00 33.00 43.00 OK
r-oldrel-macos-x86_64 0.2.0 NOTE
r-oldrel-windows-ix86+x86_64 0.2.0 7.00 46.00 53.00 OK

Check Details

Version: 0.2.0
Check: dependencies in R code
Result: NOTE
    Namespace in Imports field not imported from: ‘tsibble’
     All declared Imports should be used.
Flavors: r-devel-linux-x86_64-fedora-clang, r-devel-linux-x86_64-fedora-gcc, r-patched-solaris-x86, r-release-macos-x86_64, r-oldrel-macos-x86_64