CRAN Package Check Results for Package tsibbledata

Last updated on 2020-10-30 11:51:00 CET.

Flavor Version Tinstall Tcheck Ttotal Status Flags
r-devel-linux-x86_64-debian-clang 0.2.0 4.52 25.95 30.47 OK
r-devel-linux-x86_64-debian-gcc 0.2.0 4.29 20.19 24.48 OK
r-devel-linux-x86_64-fedora-clang 0.2.0 48.38 NOTE
r-devel-linux-x86_64-fedora-gcc 0.2.0 36.14 NOTE
r-devel-windows-ix86+x86_64 0.2.0 10.00 39.00 49.00 OK
r-patched-linux-x86_64 0.2.0 4.20 24.70 28.90 OK
r-patched-solaris-x86 0.2.0 57.30 NOTE
r-release-linux-x86_64 0.2.0 4.63 24.51 29.14 OK
r-release-macos-x86_64 0.2.0 NOTE
r-release-windows-ix86+x86_64 0.2.0 9.00 43.00 52.00 OK
r-oldrel-macos-x86_64 0.2.0 NOTE
r-oldrel-windows-ix86+x86_64 0.2.0 8.00 41.00 49.00 OK

Check Details

Version: 0.2.0
Check: dependencies in R code
Result: NOTE
    Namespace in Imports field not imported from: ‘tsibble’
     All declared Imports should be used.
Flavors: r-devel-linux-x86_64-fedora-clang, r-devel-linux-x86_64-fedora-gcc, r-patched-solaris-x86, r-release-macos-x86_64, r-oldrel-macos-x86_64