CRAN Package Check Results for Package tsibbletalk

Last updated on 2021-04-22 12:54:15 CEST.

Flavor Version Tinstall Tcheck Ttotal Status Flags
r-devel-linux-x86_64-debian-clang 0.1.0 10.42 76.18 86.60 OK
r-devel-linux-x86_64-debian-gcc 0.1.0 9.05 56.55 65.60 OK
r-devel-linux-x86_64-fedora-clang 0.1.0 110.31 NOTE
r-devel-linux-x86_64-fedora-gcc 0.1.0 99.39 NOTE
r-devel-windows-ix86+x86_64 0.1.0 24.00 97.00 121.00 OK
r-devel-windows-x86_64-gcc10-UCRT 0.1.0 NOTE
r-patched-linux-x86_64 0.1.0 9.31 72.54 81.85 OK
r-patched-solaris-x86 0.1.0 147.40 NOTE
r-release-linux-x86_64 0.1.0 10.79 71.08 81.87 OK
r-release-macos-x86_64 0.1.0 NOTE
r-release-windows-ix86+x86_64 0.1.0 25.00 101.00 126.00 OK
r-oldrel-macos-x86_64 0.1.0 NOTE
r-oldrel-windows-ix86+x86_64 0.1.0 21.00 94.00 115.00 OK

Check Details

Version: 0.1.0
Check: dependencies in R code
Result: NOTE
    Namespaces in Imports field not imported from:
     ‘R6’ ‘crosstalk’
     All declared Imports should be used.
Flavors: r-devel-linux-x86_64-fedora-clang, r-devel-linux-x86_64-fedora-gcc, r-devel-windows-x86_64-gcc10-UCRT, r-patched-solaris-x86, r-release-macos-x86_64, r-oldrel-macos-x86_64