CRAN Package Check Results for Package tsibbletalk

Last updated on 2021-01-19 00:47:40 CET.

Flavor Version Tinstall Tcheck Ttotal Status Flags
r-devel-linux-x86_64-debian-clang 0.1.0 9.76 75.12 84.88 OK
r-devel-linux-x86_64-debian-gcc 0.1.0 8.02 55.68 63.70 OK
r-devel-linux-x86_64-fedora-clang 0.1.0 111.70 NOTE
r-devel-linux-x86_64-fedora-gcc 0.1.0 96.19 NOTE
r-devel-windows-ix86+x86_64 0.1.0 18.00 82.00 100.00 OK
r-patched-linux-x86_64 0.1.0 10.14 68.54 78.68 OK
r-patched-solaris-x86 0.1.0 133.50 NOTE
r-release-linux-x86_64 0.1.0 10.87 69.29 80.16 OK
r-release-macos-x86_64 0.1.0 NOTE
r-release-windows-ix86+x86_64 0.1.0 20.00 75.00 95.00 OK
r-oldrel-macos-x86_64 0.1.0 NOTE
r-oldrel-windows-ix86+x86_64 0.1.0 17.00 68.00 85.00 OK

Check Details

Version: 0.1.0
Check: dependencies in R code
Result: NOTE
    Namespaces in Imports field not imported from:
     ‘R6’ ‘crosstalk’
     All declared Imports should be used.
Flavors: r-devel-linux-x86_64-fedora-clang, r-devel-linux-x86_64-fedora-gcc, r-patched-solaris-x86, r-release-macos-x86_64, r-oldrel-macos-x86_64