CRAN Package Check Results for Package tsibbletalk

Last updated on 2022-07-03 19:50:10 CEST.

Flavor Version Tinstall Tcheck Ttotal Status Flags
r-devel-linux-x86_64-debian-clang 0.1.0 11.78 88.18 99.96 OK
r-devel-linux-x86_64-debian-gcc 0.1.0 10.72 64.68 75.40 OK
r-devel-linux-x86_64-fedora-clang 0.1.0 126.45 NOTE
r-devel-linux-x86_64-fedora-gcc 0.1.0 124.08 NOTE
r-devel-windows-x86_64 0.1.0 43.00 108.00 151.00 OK
r-patched-linux-x86_64 0.1.0 10.89 83.06 93.95 OK
r-release-linux-x86_64 0.1.0 8.24 81.52 89.76 OK
r-release-macos-arm64 0.1.0 35.00 NOTE
r-release-macos-x86_64 0.1.0 59.00 NOTE
r-release-windows-x86_64 0.1.0 27.00 108.00 135.00 OK
r-oldrel-macos-arm64 0.1.0 38.00 NOTE
r-oldrel-macos-x86_64 0.1.0 64.00 NOTE
r-oldrel-windows-ix86+x86_64 0.1.0 27.00 106.00 133.00 OK

Check Details

Version: 0.1.0
Check: dependencies in R code
Result: NOTE
    Namespaces in Imports field not imported from:
     ‘R6’ ‘crosstalk’
     All declared Imports should be used.
Flavors: r-devel-linux-x86_64-fedora-clang, r-devel-linux-x86_64-fedora-gcc, r-release-macos-arm64, r-release-macos-x86_64, r-oldrel-macos-arm64, r-oldrel-macos-x86_64