Last updated on 2023-01-28 20:54:43 CET.
Flavor | Version | Tinstall | Tcheck | Ttotal | Status | Flags |
---|---|---|---|---|---|---|
r-devel-linux-x86_64-debian-clang | 0.4.15 | 54.14 | 124.03 | 178.17 | NOTE | |
r-devel-linux-x86_64-debian-gcc | 0.4.15 | 41.69 | 93.38 | 135.07 | NOTE | |
r-devel-linux-x86_64-fedora-clang | 0.4.15 | 239.70 | NOTE | |||
r-devel-linux-x86_64-fedora-gcc | 0.4.15 | 238.45 | NOTE | |||
r-patched-linux-x86_64 | 0.4.15 | 55.54 | 116.67 | 172.21 | NOTE | |
r-release-linux-x86_64 | 0.4.15 | 47.49 | 116.50 | 163.99 | NOTE | |
r-release-macos-arm64 | 0.4.15 | 63.00 | NOTE | |||
r-release-macos-x86_64 | 0.4.15 | 81.00 | NOTE | |||
r-release-windows-x86_64 | 0.4.15 | 101.00 | 171.00 | 272.00 | NOTE | |
r-oldrel-macos-arm64 | 0.4.15 | 59.00 | NOTE | |||
r-oldrel-macos-x86_64 | 0.4.15 | 82.00 | NOTE | |||
r-oldrel-windows-ix86+x86_64 | 0.4.15 | 120.00 | 196.00 | 316.00 | NOTE |
Version: 0.4.15
Check: for GNU extensions in Makefiles
Result: NOTE
GNU make is a SystemRequirements.
Flavors: r-devel-linux-x86_64-debian-clang, r-devel-linux-x86_64-debian-gcc, r-devel-linux-x86_64-fedora-clang, r-devel-linux-x86_64-fedora-gcc, r-patched-linux-x86_64, r-release-linux-x86_64, r-release-macos-arm64, r-release-macos-x86_64, r-release-windows-x86_64, r-oldrel-macos-arm64, r-oldrel-macos-x86_64, r-oldrel-windows-ix86+x86_64
Version: 0.4.15
Check: C++ specification
Result: NOTE
Specified C++11: please update to current default of C++17
Flavors: r-devel-linux-x86_64-debian-gcc, r-devel-linux-x86_64-fedora-clang, r-devel-linux-x86_64-fedora-gcc
Version: 0.4.15
Check: installed package size
Result: NOTE
installed size is 6.4Mb
sub-directories of 1Mb or more:
data 4.6Mb
Flavors: r-devel-linux-x86_64-fedora-clang, r-release-macos-arm64, r-release-macos-x86_64, r-release-windows-x86_64, r-oldrel-macos-arm64, r-oldrel-macos-x86_64, r-oldrel-windows-ix86+x86_64