CRAN Package Check Results for Package tsna

Last updated on 2024-07-24 20:52:37 CEST.

Flavor Version Tinstall Tcheck Ttotal Status Flags
r-devel-linux-x86_64-debian-clang 0.3.5 8.16 265.94 274.10 OK
r-devel-linux-x86_64-debian-gcc 0.3.5 5.63 193.41 199.04 NOTE
r-devel-linux-x86_64-fedora-clang 0.3.5 353.58 OK
r-devel-linux-x86_64-fedora-gcc 0.3.5 345.00 OK
r-devel-windows-x86_64 0.3.5 8.00 189.00 197.00 NOTE --no-vignettes
r-patched-linux-x86_64 0.3.5 11.01 258.24 269.25 OK
r-release-linux-x86_64 0.3.5 4.55 256.39 260.94 OK
r-release-macos-arm64 0.3.5 81.00 OK
r-release-macos-x86_64 0.3.5 133.00 OK
r-release-windows-x86_64 0.3.5 8.00 146.00 154.00 OK --no-vignettes
r-oldrel-macos-arm64 0.3.5 82.00 OK
r-oldrel-macos-x86_64 0.3.5 141.00 OK
r-oldrel-windows-x86_64 0.3.5 9.00 131.00 140.00 OK --no-vignettes

Check Details

Version: 0.3.5
Check: Rd cross-references
Result: NOTE Found the following Rd file(s) with Rd \link{} targets missing package anchors: density.Rd: networkDynamic durations.Rd: net.obs.period, as.data.frame.networkDynamic, get.vertex.activity incidence.Rd: networkDynamic plotpath.Rd: plot.network tDegree.Rd: networkDynamic tErgmStats.Rd: networkDynamic, network.collapse tSnaStats.Rd: network.collapse tiedDuration.Rd: networkDynamic timeProjectedNetwork.Rd: networkDynamic, network.collapse, get.networks, network Please provide package anchors for all Rd \link{} targets not in the package itself and the base packages. Flavor: r-devel-linux-x86_64-debian-gcc

Version: 0.3.5
Flags: --no-vignettes
Check: Rd cross-references
Result: NOTE Found the following Rd file(s) with Rd \link{} targets missing package anchors: density.Rd: networkDynamic durations.Rd: net.obs.period, as.data.frame.networkDynamic, get.vertex.activity incidence.Rd: networkDynamic plotpath.Rd: plot.network tDegree.Rd: networkDynamic tErgmStats.Rd: networkDynamic, network.collapse tSnaStats.Rd: network.collapse tiedDuration.Rd: networkDynamic timeProjectedNetwork.Rd: networkDynamic, network.collapse, get.networks, network Please provide package anchors for all Rd \link{} targets not in the package itself and the base packages. Flavor: r-devel-windows-x86_64