CRAN Package Check Results for Package tsna

Last updated on 2019-11-21 06:48:11 CET.

Flavor Version Tinstall Tcheck Ttotal Status Flags
r-devel-linux-x86_64-debian-clang 0.3.0 4.34 149.69 154.03 OK
r-devel-linux-x86_64-debian-gcc 0.3.0 4.22 110.45 114.67 OK
r-devel-linux-x86_64-fedora-clang 0.3.0 173.26 OK
r-devel-linux-x86_64-fedora-gcc 0.3.0 179.18 OK
r-devel-windows-ix86+x86_64 0.3.0 15.00 138.00 153.00 OK --no-vignettes
r-devel-windows-ix86+x86_64-gcc8 0.3.0 11.00 102.00 113.00 OK --no-vignettes
r-patched-linux-x86_64 0.3.0 3.34 136.69 140.03 OK
r-patched-solaris-x86 0.3.0 231.40 OK
r-release-linux-x86_64 0.3.0 4.61 137.76 142.37 OK
r-release-windows-ix86+x86_64 0.3.0 16.00 88.00 104.00 ERROR --no-vignettes
r-release-osx-x86_64 0.3.0 OK
r-oldrel-windows-ix86+x86_64 0.3.0 7.00 144.00 151.00 OK --no-vignettes
r-oldrel-osx-x86_64 0.3.0 OK

Additional issues

OpenBLAS

Check Details

Version: 0.3.0
Flags: --no-vignettes
Check: Rd files
Result: WARN
    create_tree.Rd: Sections \title, and \name must exist and be unique in Rd files
    Error writing to connection: No space left on device
    durations.Rd: Sections \title, and \name must exist and be unique in Rd files
    incidence.Rd: Sections \title, and \name must exist and be unique in Rd files
    moodyContactSim.Rd: Sections \title, and \name must exist and be unique in Rd files
    Error writing to connection: No space left on device
    cannot open the connection
    cannot open the connection
    cannot open the connection
    cannot open the connection
    cannot open the connection
    cannot open the connection
    cannot open the connection
    cannot open the connection
    cannot open the connection
    cannot open the connection
    problems found in 'create_tree.Rd', 'density.Rd', 'durations.Rd', 'incidence.Rd', 'moodyContactSim.Rd', 'pShiftCount.Rd', 'paths.Rd', 'plotpath.Rd', 'reachable.Rd', 'reachable_set_sizes.Rd', 'tDegree.Rd', 'tErgmStats.Rd', 'tSnaStats.Rd', 'tiedDuration.Rd', 'timeProjectedNetwork.Rd', 'tsna.Rd'
Flavor: r-release-windows-ix86+x86_64

Version: 0.3.0
Flags: --no-vignettes
Check: for unstated dependencies in examples
Result: WARN
    Warning in close.connection(con) :
     Problem closing connection: No space left on device
    Warning in file(out, "wt") :
     cannot open file 'D:\temp\Rtmp0ISrnd\file7348273512f0/incidence.R': No space left on device
    Error in file(out, "wt") : cannot open the connection
    Execution halted
Flavor: r-release-windows-ix86+x86_64

Version: 0.3.0
Flags: --no-vignettes
Check: tests
Result: ERROR
     Running 'degree_tests.R' [14s]
     Running 'density_tests.R' [3s]
     Running 'durations_tests.R' [1s]
     Running 'fromDissTests.R' [2s]
     Running 'pShift_tests.R' [1s]
     Running 'path_tests.R' [3s]
     Running 'reachable_tests.R' [8s]
     Running 'statsWrapper_tests.R' [0s]
    
    Complete output:
Flavor: r-release-windows-ix86+x86_64