CRAN Package Check Results for Package tspmeta

Last updated on 2020-09-27 11:48:38 CEST.

Flavor Version Tinstall Tcheck Ttotal Status Flags
r-devel-linux-x86_64-debian-clang 1.2 15.43 126.11 141.54 OK
r-devel-linux-x86_64-debian-gcc 1.2 11.98 93.72 105.70 OK
r-devel-linux-x86_64-fedora-clang 1.2 178.01 NOTE
r-devel-linux-x86_64-fedora-gcc 1.2 164.94 NOTE
r-devel-windows-ix86+x86_64 1.2 39.00 194.00 233.00 OK
r-patched-linux-x86_64 1.2 15.44 114.50 129.94 OK
r-patched-solaris-x86 1.2 227.80 OK
r-release-linux-x86_64 1.2 14.35 115.91 130.26 OK
r-release-macos-x86_64 1.2 OK
r-release-windows-ix86+x86_64 1.2 45.00 200.00 245.00 OK
r-oldrel-macos-x86_64 1.2 OK
r-oldrel-windows-ix86+x86_64 1.2 34.00 178.00 212.00 OK

Check Details

Version: 1.2
Check: compiled code
Result: NOTE
    File ‘tspmeta/libs/tspmeta.so’:
     Found no calls to: ‘R_registerRoutines’, ‘R_useDynamicSymbols’
    
    It is good practice to register native routines and to disable symbol
    search.
    
    See ‘Writing portable packages’ in the ‘Writing R Extensions’ manual.
Flavors: r-devel-linux-x86_64-fedora-clang, r-devel-linux-x86_64-fedora-gcc