CRAN Package Check Results for Package tspmeta

Last updated on 2022-10-05 05:57:18 CEST.

Flavor Version Tinstall Tcheck Ttotal Status Flags
r-devel-linux-x86_64-debian-clang 1.2 19.70 160.00 179.70 NOTE
r-devel-linux-x86_64-debian-gcc 1.2 15.69 119.38 135.07 NOTE
r-devel-linux-x86_64-fedora-clang 1.2 234.87 NOTE
r-devel-linux-x86_64-fedora-gcc 1.2 230.07 NOTE
r-devel-windows-x86_64 1.2 28.00 173.00 201.00 NOTE
r-patched-linux-x86_64 1.2 17.87 143.45 161.32 NOTE
r-release-linux-x86_64 1.2 16.66 144.45 161.11 NOTE
r-release-macos-arm64 1.2 52.00 NOTE
r-release-macos-x86_64 1.2 104.00 NOTE
r-release-windows-x86_64 1.2 42.00 172.00 214.00 NOTE
r-oldrel-macos-arm64 1.2 71.00 NOTE
r-oldrel-macos-x86_64 1.2 83.00 NOTE
r-oldrel-windows-ix86+x86_64 1.2 43.00 213.00 256.00 NOTE

Check Details

Version: 1.2
Check: LazyData
Result: NOTE
     'LazyData' is specified without a 'data' directory
Flavors: r-devel-linux-x86_64-debian-clang, r-devel-linux-x86_64-debian-gcc, r-devel-linux-x86_64-fedora-clang, r-devel-linux-x86_64-fedora-gcc, r-devel-windows-x86_64, r-patched-linux-x86_64, r-release-linux-x86_64, r-release-macos-arm64, r-release-macos-x86_64, r-release-windows-x86_64, r-oldrel-macos-arm64, r-oldrel-macos-x86_64, r-oldrel-windows-ix86+x86_64

Version: 1.2
Check: compiled code
Result: NOTE
    File ‘tspmeta/libs/tspmeta.so’:
     Found no calls to: ‘R_registerRoutines’, ‘R_useDynamicSymbols’
    
    It is good practice to register native routines and to disable symbol
    search.
    
    See ‘Writing portable packages’ in the ‘Writing R Extensions’ manual.
Flavors: r-devel-linux-x86_64-fedora-clang, r-devel-linux-x86_64-fedora-gcc