Last updated on 2023-09-28 08:02:04 CEST.
Flavor | Version | Tinstall | Tcheck | Ttotal | Status | Flags |
---|---|---|---|---|---|---|
r-devel-linux-x86_64-debian-clang | 1.2 | 20.64 | 156.48 | 177.12 | NOTE | |
r-devel-linux-x86_64-debian-gcc | 1.2 | 15.74 | 115.83 | 131.57 | NOTE | |
r-devel-linux-x86_64-fedora-clang | 1.2 | 207.92 | NOTE | |||
r-devel-linux-x86_64-fedora-gcc | 1.2 | 205.98 | NOTE | |||
r-devel-windows-x86_64 | 1.2 | 19.00 | 125.00 | 144.00 | NOTE | |
r-patched-linux-x86_64 | 1.2 | 18.01 | 144.35 | 162.36 | NOTE | |
r-release-linux-x86_64 | 1.2 | 18.08 | 144.64 | 162.72 | NOTE | |
r-release-macos-arm64 | 1.2 | 59.00 | NOTE | |||
r-release-macos-x86_64 | 1.2 | 100.00 | NOTE | |||
r-release-windows-x86_64 | 1.2 | 26.00 | 150.00 | 176.00 | NOTE | |
r-oldrel-macos-arm64 | 1.2 | 52.00 | NOTE | |||
r-oldrel-macos-x86_64 | 1.2 | 104.00 | NOTE | |||
r-oldrel-windows-x86_64 | 1.2 | 24.00 | 148.00 | 172.00 | NOTE |
Version: 1.2
Check: LazyData
Result: NOTE
'LazyData' is specified without a 'data' directory
Flavors: r-devel-linux-x86_64-debian-clang, r-devel-linux-x86_64-debian-gcc, r-devel-linux-x86_64-fedora-clang, r-devel-linux-x86_64-fedora-gcc, r-devel-windows-x86_64, r-patched-linux-x86_64, r-release-linux-x86_64, r-release-macos-arm64, r-release-macos-x86_64, r-release-windows-x86_64, r-oldrel-macos-arm64, r-oldrel-macos-x86_64, r-oldrel-windows-x86_64
Version: 1.2
Check: compiled code
Result: NOTE
File ‘tspmeta/libs/tspmeta.so’:
Found no calls to: ‘R_registerRoutines’, ‘R_useDynamicSymbols’
It is good practice to register native routines and to disable symbol
search.
See ‘Writing portable packages’ in the ‘Writing R Extensions’ manual.
Flavors: r-devel-linux-x86_64-fedora-clang, r-devel-linux-x86_64-fedora-gcc