CRAN Package Check Results for Package tswge

Last updated on 2023-01-31 10:52:26 CET.

Flavor Version Tinstall Tcheck Ttotal Status Flags
r-devel-linux-x86_64-debian-clang 2.0.0 27.87 176.25 204.12 ERROR
r-devel-linux-x86_64-debian-gcc 2.0.0 20.59 129.07 149.66 ERROR
r-devel-linux-x86_64-fedora-clang 2.0.0 241.94 ERROR
r-devel-linux-x86_64-fedora-gcc 2.0.0 254.78 ERROR
r-devel-windows-x86_64 2.0.0 80.00 265.00 345.00 ERROR
r-patched-linux-x86_64 2.0.0 25.56 165.81 191.37 ERROR
r-release-linux-x86_64 2.0.0 21.96 168.65 190.61 ERROR
r-release-macos-arm64 2.0.0 67.00 OK
r-release-macos-x86_64 2.0.0 93.00 OK
r-release-windows-x86_64 2.0.0 115.00 265.00 380.00 ERROR
r-oldrel-macos-arm64 2.0.0 69.00 OK
r-oldrel-macos-x86_64 2.0.0 91.00 OK
r-oldrel-windows-ix86+x86_64 2.0.0 49.00 229.00 278.00 ERROR

Check Details

Version: 2.0.0
Check: dependencies in R code
Result: WARN
    Missing or unexported objects:
     ‘astsa::Ksmooth0’ ‘astsa::Ksmooth1’
Flavors: r-devel-linux-x86_64-debian-clang, r-devel-linux-x86_64-debian-gcc, r-devel-linux-x86_64-fedora-clang, r-devel-linux-x86_64-fedora-gcc, r-devel-windows-x86_64, r-patched-linux-x86_64, r-release-linux-x86_64, r-release-windows-x86_64, r-oldrel-windows-ix86+x86_64

Version: 2.0.0
Check: examples
Result: ERROR
    Running examples in ‘tswge-Ex.R’ failed
    The error most likely occurred in:
    
    > base::assign(".ptime", proc.time(), pos = "CheckExEnv")
    > ### Name: kalman.miss.wge
    > ### Title: Kalman filter for simple signal plus noise model with missing
    > ### data
    > ### Aliases: kalman.miss.wge
    > ### Keywords: Kalman filter predicting filtering smoothing missing
    >
    > ### ** Examples
    >
    > data(table10.1.signal)
    > data(table10.1.noise)
    > spn=table10.1.signal+table10.1.noise
    > n=75
    > Gtmiss=array(1,dim=c(1,1,n))
    > Gtmiss[1,1,2]=0
    > Gtmiss[1,1,5]=0
    > kalman.miss.wge(y=spn,start=0,gam0=1,F=.9,gamV=1,Gtmiss,gamW=.75)
    Error: 'Ksmooth1' is not an exported object from 'namespace:astsa'
    Execution halted
Flavors: r-devel-linux-x86_64-debian-clang, r-devel-linux-x86_64-debian-gcc, r-patched-linux-x86_64, r-release-linux-x86_64

Version: 2.0.0
Check: examples
Result: ERROR
    Running examples in ‘tswge-Ex.R’ failed
    The error most likely occurred in:
    
    > ### Name: kalman.miss.wge
    > ### Title: Kalman filter for simple signal plus noise model with missing
    > ### data
    > ### Aliases: kalman.miss.wge
    > ### Keywords: Kalman filter predicting filtering smoothing missing
    >
    > ### ** Examples
    >
    > data(table10.1.signal)
    > data(table10.1.noise)
    > spn=table10.1.signal+table10.1.noise
    > n=75
    > Gtmiss=array(1,dim=c(1,1,n))
    > Gtmiss[1,1,2]=0
    > Gtmiss[1,1,5]=0
    > kalman.miss.wge(y=spn,start=0,gam0=1,F=.9,gamV=1,Gtmiss,gamW=.75)
    Error: 'Ksmooth1' is not an exported object from 'namespace:astsa'
    Execution halted
Flavors: r-devel-linux-x86_64-fedora-clang, r-devel-linux-x86_64-fedora-gcc, r-devel-windows-x86_64, r-release-windows-x86_64, r-oldrel-windows-ix86+x86_64