CRAN Package Check Results for Package ttservice

Last updated on 2022-01-28 11:52:33 CET.

Flavor Version Tinstall Tcheck Ttotal Status Flags
r-devel-linux-x86_64-debian-clang 0.1.2 1.60 28.44 30.04 OK
r-devel-linux-x86_64-debian-gcc 0.1.2 1.20 22.11 23.31 OK
r-devel-linux-x86_64-fedora-clang 0.1.2 36.04 NOTE
r-devel-linux-x86_64-fedora-gcc 0.1.2 25.32 NOTE
r-devel-windows-x86_64-new-UL 0.1.2 16.00 45.00 61.00 OK
r-devel-windows-x86_64-new-TK 0.1.2 NOTE
r-patched-linux-x86_64 0.1.2 1.62 26.99 28.61 OK
r-release-linux-x86_64 0.1.2 1.50 26.32 27.82 OK
r-release-macos-arm64 0.1.2 NOTE
r-release-macos-x86_64 0.1.2 NOTE
r-release-windows-ix86+x86_64 0.1.2 5.00 25.00 30.00 OK
r-oldrel-macos-x86_64 0.1.2 NOTE
r-oldrel-windows-ix86+x86_64 0.1.2 3.00 26.00 29.00 OK

Check Details

Version: 0.1.2
Check: dependencies in R code
Result: NOTE
    Namespace in Imports field not imported from: ‘methods’
     All declared Imports should be used.
Flavors: r-devel-linux-x86_64-fedora-clang, r-devel-linux-x86_64-fedora-gcc, r-devel-windows-x86_64-new-TK, r-release-macos-arm64, r-release-macos-x86_64, r-oldrel-macos-x86_64