CRAN Package Check Results for Package tumblR

Last updated on 2020-04-06 11:47:46 CEST.

Flavor Version Tinstall Tcheck Ttotal Status Flags
r-devel-linux-x86_64-debian-clang 1.2 4.19 32.62 36.81 OK
r-devel-linux-x86_64-debian-gcc 1.2 3.13 25.91 29.04 OK
r-devel-linux-x86_64-fedora-clang 1.2 44.54 OK
r-devel-linux-x86_64-fedora-gcc 1.2 43.08 OK
r-devel-windows-ix86+x86_64 1.2 15.00 64.00 79.00 OK
r-devel-windows-ix86+x86_64-gcc8 1.2 9.00 49.00 58.00 OK
r-patched-linux-x86_64 1.2 4.44 32.08 36.52 OK
r-patched-solaris-x86 1.2 76.50 OK
r-release-linux-x86_64 1.2 3.41 29.53 32.94 OK
r-release-windows-ix86+x86_64 1.2 8.00 65.00 73.00 OK
r-release-osx-x86_64 1.2 OK
r-oldrel-windows-ix86+x86_64 1.1 5.00 45.00 50.00 NOTE
r-oldrel-osx-x86_64 1.2 ERROR

Check Details

Version: 1.1
Check: R code for possible problems
Result: NOTE
    http.connection: no visible global function definition for 'setNames'
    Undefined global functions or variables:
     setNames
    Consider adding
     importFrom("stats", "setNames")
    to your NAMESPACE file.
Flavor: r-oldrel-windows-ix86+x86_64

Version: 1.2
Check: whether package can be installed
Result: ERROR
    Installation failed.
Flavor: r-oldrel-osx-x86_64