CRAN Package Check Results for Package tune

Last updated on 2024-02-27 19:54:55 CET.

Flavor Version Tinstall Tcheck Ttotal Status Flags
r-devel-linux-x86_64-debian-clang 1.1.2 22.49 182.16 204.65 OK
r-devel-linux-x86_64-debian-gcc 1.1.2 18.23 133.44 151.67 OK
r-devel-linux-x86_64-fedora-clang 1.1.2 254.17 NOTE
r-devel-linux-x86_64-fedora-gcc 1.1.2 255.39 OK
r-devel-windows-x86_64 1.1.2 22.00 143.00 165.00 OK
r-patched-linux-x86_64 1.1.2 21.09 175.30 196.39 OK
r-release-linux-x86_64 1.1.2 17.74 174.15 191.89 OK
r-release-macos-arm64 1.1.2 73.00 OK
r-release-macos-x86_64 1.1.2 148.00 OK
r-release-windows-x86_64 1.1.2 29.00 177.00 206.00 OK
r-oldrel-macos-arm64 1.1.2 68.00 OK
r-oldrel-windows-x86_64 1.1.2 31.00 178.00 209.00 OK

Check Details

Version: 1.1.2
Check: package dependencies
Result: NOTE Imports includes 22 non-default packages. Importing from so many packages makes the package vulnerable to any of them becoming unavailable. Move as many as possible to Suggests and use conditionally. Flavor: r-devel-linux-x86_64-fedora-clang