CRAN Package Check Results for Package twangRDC

Last updated on 2021-09-27 07:49:47 CEST.

Flavor Version Tinstall Tcheck Ttotal Status Flags
r-devel-linux-x86_64-debian-clang 1.0 9.38 513.94 523.32 OK
r-devel-linux-x86_64-debian-gcc 1.0 8.55 587.09 595.64 OK
r-devel-linux-x86_64-fedora-clang 1.0 510.76 NOTE
r-devel-linux-x86_64-fedora-gcc 1.0 530.53 OK
r-devel-windows-x86_64 1.0 11.00 272.00 283.00 OK
r-devel-windows-x86_64-gcc10-UCRT 1.0 OK
r-patched-linux-x86_64 1.0 12.97 475.16 488.13 OK
r-patched-solaris-x86 1.0 612.00 OK
r-release-linux-x86_64 1.0 9.10 473.92 483.02 OK
r-release-macos-arm64 1.0 OK
r-release-macos-x86_64 1.0 OK
r-release-windows-ix86+x86_64 1.0 24.00 254.00 278.00 OK
r-oldrel-macos-x86_64 1.0 OK
r-oldrel-windows-ix86+x86_64 1.0 15.00 268.00 283.00 OK

Check Details

Version: 1.0
Check: Rd cross-references
Result: NOTE
    Undeclared package ‘twang’ in Rd xrefs
Flavor: r-devel-linux-x86_64-fedora-clang