CRAN Package Check Results for Package tweenr

Last updated on 2024-02-25 19:50:14 CET.

Flavor Version Tinstall Tcheck Ttotal Status Flags
r-devel-linux-x86_64-debian-clang 2.0.2 29.51 46.64 76.15 NOTE
r-devel-linux-x86_64-debian-gcc 2.0.2 34.90 36.28 71.18 NOTE
r-devel-linux-x86_64-fedora-clang 2.0.2 107.80 NOTE
r-devel-linux-x86_64-fedora-gcc 2.0.2 119.17 NOTE
r-devel-windows-x86_64 2.0.2 32.00 73.00 105.00 NOTE
r-patched-linux-x86_64 2.0.2 43.91 46.79 90.70 NOTE
r-release-linux-x86_64 2.0.2 40.50 45.88 86.38 NOTE
r-release-macos-arm64 2.0.2 35.00 NOTE
r-release-macos-x86_64 2.0.2 47.00 NOTE
r-release-windows-x86_64 2.0.2 41.00 76.00 117.00 NOTE
r-oldrel-macos-arm64 2.0.2 28.00 OK
r-oldrel-windows-x86_64 2.0.2 38.00 72.00 110.00 OK

Check Details

Version: 2.0.2
Check: C++ specification
Result: NOTE Specified C++11: please drop specification unless essential Flavors: r-devel-linux-x86_64-debian-clang, r-devel-linux-x86_64-debian-gcc, r-devel-linux-x86_64-fedora-clang, r-devel-linux-x86_64-fedora-gcc, r-devel-windows-x86_64, r-patched-linux-x86_64, r-release-linux-x86_64, r-release-macos-arm64, r-release-macos-x86_64, r-release-windows-x86_64