CRAN Package Check Results for Package twfy

Last updated on 2022-06-28 19:09:13 CEST.

Flavor Version Tinstall Tcheck Ttotal Status Flags
r-devel-linux-x86_64-debian-clang 0.1.0 2.46 26.04 28.50 NOTE
r-devel-linux-x86_64-debian-gcc 0.1.0 1.99 20.12 22.11 NOTE
r-devel-linux-x86_64-fedora-clang 0.1.0 45.50 NOTE
r-devel-linux-x86_64-fedora-gcc 0.1.0 44.16 NOTE
r-devel-windows-x86_64 0.1.0 14.00 56.00 70.00 NOTE
r-patched-linux-x86_64 0.1.0 2.46 24.74 27.20 NOTE
r-release-linux-x86_64 0.1.0 2.13 25.01 27.14 NOTE
r-release-macos-arm64 0.1.0 15.00 NOTE
r-release-macos-x86_64 0.1.0 22.00 NOTE
r-release-windows-x86_64 0.1.0 17.00 58.00 75.00 NOTE
r-oldrel-macos-arm64 0.1.0 17.00 NOTE
r-oldrel-macos-x86_64 0.1.0 26.00 NOTE
r-oldrel-windows-ix86+x86_64 0.1.0 7.00 51.00 58.00 NOTE

Check Details

Version: 0.1.0
Check: LazyData
Result: NOTE
     'LazyData' is specified without a 'data' directory
Flavors: r-devel-linux-x86_64-debian-clang, r-devel-linux-x86_64-debian-gcc, r-devel-linux-x86_64-fedora-clang, r-devel-linux-x86_64-fedora-gcc, r-devel-windows-x86_64, r-patched-linux-x86_64, r-release-linux-x86_64, r-release-macos-arm64, r-release-macos-x86_64, r-release-windows-x86_64, r-oldrel-macos-arm64, r-oldrel-macos-x86_64, r-oldrel-windows-ix86+x86_64