Last updated on 2023-01-29 15:52:02 CET.
Flavor | Version | Tinstall | Tcheck | Ttotal | Status | Flags |
---|---|---|---|---|---|---|
r-devel-linux-x86_64-debian-clang | 2.0.0 | 7.07 | 31.29 | 38.36 | OK | |
r-devel-linux-x86_64-debian-gcc | 2.0.0 | 4.85 | 24.26 | 29.11 | NOTE | |
r-devel-linux-x86_64-fedora-clang | 2.0.0 | 50.60 | NOTE | |||
r-devel-linux-x86_64-fedora-gcc | 2.0.0 | 47.09 | NOTE | |||
r-devel-windows-x86_64 | 2.0.0 | 41.00 | 77.00 | 118.00 | NOTE | |
r-patched-linux-x86_64 | 2.0.0 | 6.53 | 30.48 | 37.01 | OK | |
r-release-linux-x86_64 | 2.0.0 | 6.11 | 30.06 | 36.17 | OK | |
r-release-macos-arm64 | 2.0.0 | 18.00 | OK | |||
r-release-macos-x86_64 | 2.0.0 | 27.00 | OK | |||
r-release-windows-x86_64 | 2.0.0 | 28.00 | 65.00 | 93.00 | OK | |
r-oldrel-macos-arm64 | 2.0.0 | 18.00 | OK | |||
r-oldrel-macos-x86_64 | 2.0.0 | 27.00 | OK | |||
r-oldrel-windows-ix86+x86_64 | 2.0.0 | 19.00 | 74.00 | 93.00 | OK |
Version: 2.0.0
Check: C++ specification
Result: NOTE
Specified C++11: please update to current default of C++17
Flavors: r-devel-linux-x86_64-debian-gcc, r-devel-linux-x86_64-fedora-clang, r-devel-linux-x86_64-fedora-gcc, r-devel-windows-x86_64