CRAN Package Check Results for Package twoway

Last updated on 2020-07-15 10:08:29 CEST.

Flavor Version Tinstall Tcheck Ttotal Status Flags
r-devel-linux-x86_64-debian-clang 0.6.3 2.40 21.68 24.08 OK
r-devel-linux-x86_64-debian-gcc 0.6.3 2.00 17.67 19.67 OK
r-devel-linux-x86_64-fedora-clang 0.6.3 37.69 OK
r-devel-linux-x86_64-fedora-gcc 0.6.3 29.79 OK
r-devel-windows-ix86+x86_64 0.6.3 10.00 36.00 46.00 OK
r-patched-linux-x86_64 0.6.3 2.60 21.94 24.54 OK
r-patched-solaris-x86 0.6.3 45.50 OK
r-release-linux-x86_64 0.6.3 2.50 21.66 24.16 OK
r-release-macos-x86_64 0.6.3 ERROR
r-release-windows-ix86+x86_64 0.6.3 8.00 33.00 41.00 OK
r-oldrel-macos-x86_64 0.6.3 OK
r-oldrel-windows-ix86+x86_64 0.6.3 26.00 49.00 75.00 OK

Check Details

Version: 0.6.3
Check: whether package can be installed
Result: ERROR
    Installation failed.
Flavor: r-release-macos-x86_64