CRAN Package Check Results for Package twoway

Last updated on 2021-05-06 17:48:03 CEST.

Flavor Version Tinstall Tcheck Ttotal Status Flags
r-devel-linux-x86_64-debian-clang 0.6.3 2.23 24.27 26.50 OK
r-devel-linux-x86_64-debian-gcc 0.6.3 1.87 18.98 20.85 OK
r-devel-linux-x86_64-fedora-clang 0.6.3 42.75 OK
r-devel-linux-x86_64-fedora-gcc 0.6.3 31.99 OK
r-devel-windows-ix86+x86_64 0.6.3 5.00 7.00 12.00 ERROR
r-devel-windows-x86_64-gcc10-UCRT 0.6.3 OK
r-patched-linux-x86_64 0.6.3 2.59 23.91 26.50 OK
r-patched-solaris-x86 0.6.3 50.30 OK
r-release-linux-x86_64 0.6.3 2.25 23.33 25.58 OK
r-release-macos-x86_64 0.6.3 OK
r-release-windows-ix86+x86_64 0.6.3 5.00 32.00 37.00 OK
r-oldrel-macos-x86_64 0.6.3 OK
r-oldrel-windows-ix86+x86_64 0.6.3 4.00 39.00 43.00 OK

Check Details

Version: 0.6.3
Check: whether package can be installed
Result: ERROR
    Installation failed.
    See *
Flavor: r-devel-windows-ix86+x86_64