CRAN Package Check Results for Package twoway

Last updated on 2020-03-31 18:47:56 CEST.

Flavor Version Tinstall Tcheck Ttotal Status Flags
r-devel-linux-x86_64-debian-clang 0.6.2 2.61 23.99 26.60 NOTE
r-devel-linux-x86_64-debian-gcc 0.6.2 1.79 19.54 21.33 NOTE
r-devel-linux-x86_64-fedora-clang 0.6.2 33.64 OK
r-devel-linux-x86_64-fedora-gcc 0.6.2 32.09 OK
r-devel-windows-ix86+x86_64 0.6.2 7.00 37.00 44.00 NOTE
r-devel-windows-ix86+x86_64-gcc8 0.6.2 6.00 40.00 46.00 NOTE
r-patched-linux-x86_64 0.6.2 2.41 23.33 25.74 NOTE
r-patched-solaris-x86 0.6.2 51.40 OK
r-release-linux-x86_64 0.6.2 1.83 21.90 23.73 OK
r-release-windows-ix86+x86_64 0.6.2 11.00 50.00 61.00 OK
r-release-osx-x86_64 0.6.2 OK
r-oldrel-windows-ix86+x86_64 0.6.2 7.00 55.00 62.00 OK
r-oldrel-osx-x86_64 0.6.2 OK

Check Details

Version: 0.6.2
Check: package vignettes
Result: NOTE
    Package vignette with placeholder title 'Vignette Title':
     'intro.Rmd'
Flavors: r-devel-linux-x86_64-debian-clang, r-devel-linux-x86_64-debian-gcc, r-devel-windows-ix86+x86_64, r-devel-windows-ix86+x86_64-gcc8, r-patched-linux-x86_64