CRAN Package Check Results for Package txtplot

Last updated on 2021-05-07 21:54:16 CEST.

Flavor Version Tinstall Tcheck Ttotal Status Flags
r-devel-linux-x86_64-debian-clang 1.0-4 2.19 26.59 28.78 OK
r-devel-linux-x86_64-debian-gcc 1.0-4 2.04 20.82 22.86 OK
r-devel-linux-x86_64-fedora-clang 1.0-4 46.59 OK
r-devel-linux-x86_64-fedora-gcc 1.0-4 34.94 OK
r-devel-windows-ix86+x86_64 1.0-4 4.00 1.00 5.00 ERROR
r-devel-windows-x86_64-gcc10-UCRT 1.0-4 OK
r-patched-linux-x86_64 1.0-4 2.36 26.04 28.40 OK
r-patched-solaris-x86 1.0-4 58.70 OK
r-release-linux-x86_64 1.0-4 2.54 25.30 27.84 OK
r-release-macos-x86_64 1.0-4 OK
r-release-windows-ix86+x86_64 1.0-4 5.00 31.00 36.00 OK
r-oldrel-macos-x86_64 1.0-4 OK
r-oldrel-windows-ix86+x86_64 1.0-4 8.00 45.00 53.00 OK

Check Details

Version: 1.0-4
Check: whether package can be installed
Result: ERROR
    Installation failed.
Flavor: r-devel-windows-ix86+x86_64