CRAN Package Check Results for Package typed

Last updated on 2022-01-25 11:51:27 CET.

Flavor Version Tinstall Tcheck Ttotal Status Flags
r-devel-linux-x86_64-debian-clang 0.0.1 2.43 38.50 40.93 NOTE
r-devel-linux-x86_64-debian-gcc 0.0.1 2.23 29.21 31.44 NOTE
r-devel-linux-x86_64-fedora-clang 0.0.1 49.55 NOTE
r-devel-linux-x86_64-fedora-gcc 0.0.1 38.49 NOTE
r-devel-windows-x86_64-new-UL 0.0.1 27.00 58.00 85.00 NOTE
r-devel-windows-x86_64-new-TK 0.0.1 NOTE
r-patched-linux-x86_64 0.0.1 1.88 35.77 37.65 NOTE
r-release-linux-x86_64 0.0.1 2.33 36.12 38.45 NOTE
r-release-macos-arm64 0.0.1 NOTE
r-release-macos-x86_64 0.0.1 NOTE
r-release-windows-ix86+x86_64 0.0.1 6.00 46.00 52.00 NOTE
r-oldrel-macos-x86_64 0.0.1 OK
r-oldrel-windows-ix86+x86_64 0.0.1 6.00 46.00 52.00 OK

Check Details

Version: 0.0.1
Check: LazyData
Result: NOTE
     'LazyData' is specified without a 'data' directory
Flavors: r-devel-linux-x86_64-debian-clang, r-devel-linux-x86_64-debian-gcc, r-devel-linux-x86_64-fedora-clang, r-devel-linux-x86_64-fedora-gcc, r-devel-windows-x86_64-new-UL, r-devel-windows-x86_64-new-TK, r-patched-linux-x86_64, r-release-linux-x86_64, r-release-macos-arm64, r-release-macos-x86_64, r-release-windows-ix86+x86_64