CRAN Package Check Results for Package u5mr

Last updated on 2021-10-20 02:50:23 CEST.

Flavor Version Tinstall Tcheck Ttotal Status Flags
r-devel-linux-x86_64-debian-clang 0.1.1 25.41 33.68 59.09 OK
r-devel-linux-x86_64-debian-gcc 0.1.1 20.99 26.81 47.80 OK
r-devel-linux-x86_64-fedora-clang 0.1.1 88.17 NOTE
r-devel-linux-x86_64-fedora-gcc 0.1.1 77.35 NOTE
r-devel-windows-x86_64 0.1.1 36.00 43.00 79.00 OK
r-devel-windows-x86_64-gcc10-UCRT 0.1.1 NOTE
r-patched-linux-x86_64 0.1.1 23.75 31.94 55.69 OK
r-patched-solaris-x86 0.1.1 205.00 NOTE
r-release-linux-x86_64 0.1.1 22.37 33.32 55.69 OK
r-release-macos-arm64 0.1.1 NOTE
r-release-macos-x86_64 0.1.1 NOTE
r-release-windows-ix86+x86_64 0.1.1 31.00 52.00 83.00 OK
r-oldrel-macos-x86_64 0.1.1 NOTE
r-oldrel-windows-ix86+x86_64 0.1.1 41.00 60.00 101.00 OK

Check Details

Version: 0.1.1
Check: dependencies in R code
Result: NOTE
    Namespace in Imports field not imported from: ‘lifecycle’
     All declared Imports should be used.
Flavors: r-devel-linux-x86_64-fedora-clang, r-devel-linux-x86_64-fedora-gcc, r-devel-windows-x86_64-gcc10-UCRT, r-patched-solaris-x86, r-release-macos-arm64, r-release-macos-x86_64, r-oldrel-macos-x86_64