CRAN Package Check Results for Package uHMM

Last updated on 2020-02-20 08:48:26 CET.

Flavor Version Tinstall Tcheck Ttotal Status Flags
r-devel-linux-x86_64-debian-clang 1.0 11.72 64.71 76.43 OK
r-devel-linux-x86_64-debian-gcc 1.0 10.07 48.86 58.93 OK
r-devel-linux-x86_64-fedora-clang 1.0 99.87 WARN
r-devel-linux-x86_64-fedora-gcc 1.0 92.55 OK
r-devel-windows-ix86+x86_64 1.0 22.00 100.00 122.00 OK
r-devel-windows-ix86+x86_64-gcc8 1.0 35.00 79.00 114.00 OK
r-patched-linux-x86_64 1.0 10.71 57.88 68.59 OK
r-patched-solaris-x86 1.0 128.20 OK
r-release-linux-x86_64 1.0 10.41 57.88 68.29 OK
r-release-windows-ix86+x86_64 1.0 17.00 84.00 101.00 OK
r-release-osx-x86_64 1.0 FAIL
r-oldrel-windows-ix86+x86_64 1.0 18.00 69.00 87.00 OK
r-oldrel-osx-x86_64 1.0 OK

Check Details

Version: 1.0
Check: package dependencies
Result: WARN
    Requires orphaned package: ‘clValid’
Flavor: r-devel-linux-x86_64-fedora-clang

Version: 1.0
Check: whether package can be installed
Result: FAIL
Flavor: r-release-osx-x86_64