CRAN Package Check Results for Package uavRmp

Last updated on 2020-11-25 02:49:19 CET.

Flavor Version Tinstall Tcheck Ttotal Status Flags
r-devel-linux-x86_64-debian-clang 0.5.7 14.62 116.77 131.39 OK
r-devel-linux-x86_64-debian-gcc 0.5.7 11.86 85.94 97.80 OK
r-devel-linux-x86_64-fedora-clang 0.5.7 158.59 NOTE
r-devel-linux-x86_64-fedora-gcc 0.5.7 150.68 NOTE
r-devel-windows-ix86+x86_64 0.5.7 31.00 132.00 163.00 OK
r-patched-linux-x86_64 0.5.7 14.13 111.63 125.76 OK
r-patched-solaris-x86 0.5.7 213.60 NOTE
r-release-linux-x86_64 0.5.7 16.44 110.43 126.87 OK
r-release-macos-x86_64 0.5.7 NOTE
r-release-windows-ix86+x86_64 0.5.7 35.00 99.00 134.00 OK
r-oldrel-macos-x86_64 0.5.7 NOTE
r-oldrel-windows-ix86+x86_64 0.5.7 18.00 124.00 142.00 OK

Check Details

Version: 0.5.7
Check: dependencies in R code
Result: NOTE
    Namespace in Imports field not imported from: ‘rlang’
     All declared Imports should be used.
Flavors: r-devel-linux-x86_64-fedora-clang, r-devel-linux-x86_64-fedora-gcc, r-patched-solaris-x86, r-release-macos-x86_64, r-oldrel-macos-x86_64